-- phpMyAdmin SQL Dump
-- version 5.2.2
-- https://www.phpmyadmin.net/
--
-- Servidor: localhost:3306
-- Tiempo de generación: 18-11-2025 a las 14:07:27
-- Versión del servidor: 11.4.8-MariaDB-cll-lve-log
-- Versión de PHP: 8.4.11

SET SQL_MODE = "NO_AUTO_VALUE_ON_ZERO";
START TRANSACTION;
SET time_zone = "+00:00";


/*!40101 SET @OLD_CHARACTER_SET_CLIENT=@@CHARACTER_SET_CLIENT */;
/*!40101 SET @OLD_CHARACTER_SET_RESULTS=@@CHARACTER_SET_RESULTS */;
/*!40101 SET @OLD_COLLATION_CONNECTION=@@COLLATION_CONNECTION */;
/*!40101 SET NAMES utf8mb4 */;

--
-- Base de datos: `ecyteorg_acceso`
--

-- --------------------------------------------------------

--
-- Estructura de tabla para la tabla `accounts`
--

CREATE TABLE `accounts` (
  `id` int(11) NOT NULL,
  `nombre` tinytext NOT NULL,
  `apellidos` tinytext DEFAULT NULL,
  `username` varchar(20) NOT NULL,
  `con` varchar(20) NOT NULL,
  `email` tinytext NOT NULL
) ENGINE=InnoDB DEFAULT CHARSET=utf8mb3 COLLATE=utf8mb3_spanish2_ci;

--
-- Volcado de datos para la tabla `accounts`
--

INSERT INTO `accounts` (`id`, `nombre`, `apellidos`, `username`, `con`, `email`) VALUES
(2, 'Jose D', 'Garduno N.', 'jdgn', '123', 'jdgn@ecyte.org'),
(3, 'Pepito', 'GarduÃ±o V.', 'jdgv', '123', 'jdgv@gmail.com'),
(4, 'Gaby', 'Valdes A.', 'mgva', '123', 'gaby@ecyte.org'),
(5, 'Carmelita', 'Nava A.', 'mcna', '123', 'carmelita@ecyte.org'),
(6, 'Luis A', 'Benitez N', 'labn', '123', 'halcun_luis15@hotmail.com'),
(7, 'Angel', 'Valdes', 'Angel', '123', 'angel@gmail.com'),
(8, 'Ozvaldo', 'Fabila', 'Ozvaldo', '123', 'O@gmail.com'),
(9, 'Joe', 'Lopez', 'joseluis', '123', 'Jose@gmail.com'),
(10, 'Danny', 'Garduno N', 'dmgn', '123', 'dmgn@hotmail.com'),
(11, 'Pedro ', 'Valdez', 'pbvg', '123', 'Pedro@ecyte.org'),
(12, 'J Angel', 'M V', 'jamv', '123', 'jamv@ecyte.org'),
(13, 'Emmanuel', 'B', 'ebn', '123', 'Ebn@com.com'),
(14, 'To&ntilde;o', 'Bonilla', 'tono', '123', 'tono@gmail.com'),
(15, 'Mely', 'Vald&eacute;s', 'amgv', '123', 'mgv@mail.com'),
(16, 'Raul', 'Rivas Tovar', 'raul', '123', 'raul@gmail.com');

-- --------------------------------------------------------

--
-- Estructura de tabla para la tabla `reljgousu`
--

CREATE TABLE `reljgousu` (
  `idnentjgo` int(11) DEFAULT NULL,
  `idnentusu` int(11) DEFAULT NULL,
  `jgousupts` int(11) DEFAULT NULL
) ENGINE=InnoDB DEFAULT CHARSET=utf8mb3 COLLATE=utf8mb3_spanish2_ci;

--
-- Volcado de datos para la tabla `reljgousu`
--

INSERT INTO `reljgousu` (`idnentjgo`, `idnentusu`, `jgousupts`) VALUES
(1, 2, 101),
(1, 2, 61),
(1, 2, 0),
(1, 2, 104),
(1, 2, 0),
(1, 2, 0),
(1, 2, 197),
(1, 3, 75),
(1, 3, 33),
(1, 3, 68),
(1, 3, 20),
(1, 3, 31),
(1, 3, 100),
(1, 3, 161),
(1, 8, 71),
(1, 8, 102),
(1, 8, 86),
(1, 8, 48),
(1, 8, 102),
(1, 8, 152),
(1, 8, 173),
(1, 9, 82),
(1, 9, 0),
(1, 9, 79),
(1, 9, 31),
(1, 9, 42),
(1, 9, 39),
(1, 9, 60),
(1, 7, 0),
(1, 7, 68),
(1, 7, 96),
(1, 7, 0),
(1, 7, 99),
(1, 7, 102),
(1, 7, 0),
(2, 2, 7),
(2, 2, 152),
(2, 2, 119),
(2, 2, 12),
(2, 2, 95),
(2, 2, 163),
(2, 2, 147),
(2, 6, 17),
(2, 6, 9),
(2, 6, 0),
(2, 6, 9),
(2, 6, 184),
(2, 6, 139),
(2, 6, 131),
(2, 3, 41),
(2, 3, 13),
(2, 3, 38),
(2, 3, 0),
(2, 3, 157),
(2, 3, 15),
(2, 3, 59),
(2, 4, 22),
(2, 4, 57),
(2, 4, 124),
(2, 4, 18),
(2, 4, 0),
(2, 4, 75),
(2, 4, 116),
(2, 5, 0),
(2, 5, 0),
(2, 5, 69),
(2, 5, 3),
(2, 5, 146),
(2, 5, 0),
(2, 5, 153),
(3, 2, 78),
(3, 2, 4),
(3, 2, 0),
(3, 2, 15),
(3, 2, 85),
(3, 2, 7),
(3, 2, 156),
(3, 10, 50),
(3, 10, 102),
(3, 10, 142),
(3, 10, 0),
(3, 10, 85),
(3, 10, 195),
(3, 10, 183),
(3, 3, 15),
(3, 3, 0),
(3, 3, 7),
(3, 3, 45),
(3, 3, 12),
(3, 3, 0),
(3, 3, 0),
(3, 6, 4),
(3, 6, 11),
(3, 6, 11),
(3, 6, 150),
(3, 6, 17),
(3, 6, 195),
(3, 6, 183),
(3, 4, 0),
(3, 4, 76),
(3, 4, 2),
(3, 4, 2),
(3, 4, 11),
(3, 4, 138),
(3, 4, 110),
(3, 5, 48),
(3, 5, 54),
(3, 5, 67),
(3, 5, 77),
(3, 5, 0),
(3, 5, 74),
(3, 5, 23),
(4, 2, 3),
(4, 2, 97),
(4, 2, 77),
(4, 2, 20),
(4, 2, 0),
(4, 2, 17),
(4, 2, 40),
(4, 10, 34),
(4, 10, 19),
(4, 10, 109),
(4, 10, 135),
(4, 10, 3),
(4, 10, 119),
(4, 10, 120),
(4, 4, 0),
(4, 4, 58),
(4, 4, 8),
(4, 4, 6),
(4, 4, 21),
(4, 4, 37),
(4, 4, 0),
(4, 5, 59),
(4, 5, 65),
(4, 5, 0),
(4, 5, 105),
(4, 5, 96),
(4, 5, 119),
(4, 5, 120),
(4, 6, 110),
(4, 6, 76),
(4, 6, 69),
(4, 6, 0),
(4, 6, 127),
(4, 6, 7),
(4, 6, 13),
(4, 3, 11),
(4, 3, 0),
(4, 3, 200),
(4, 3, 22),
(4, 3, 15),
(4, 3, 0),
(4, 3, 27),
(7, 2, 79),
(7, 2, 34),
(7, 2, 6),
(7, 2, 63),
(7, 2, 4),
(7, 2, 93),
(7, 2, 168),
(7, 10, 90),
(7, 10, 0),
(7, 10, 72),
(7, 10, 0),
(7, 10, 120),
(7, 10, 136),
(7, 10, 130),
(7, 3, 25),
(7, 3, 19),
(7, 3, 108),
(7, 3, 136),
(7, 3, 146),
(7, 3, 0),
(7, 3, 0),
(7, 4, 0),
(7, 4, 85),
(7, 4, 90),
(7, 4, 51),
(7, 4, 2),
(7, 4, 96),
(7, 4, 17),
(7, 6, 162),
(7, 6, 54),
(7, 6, 0),
(7, 6, 150),
(7, 6, 0),
(7, 6, 31),
(7, 6, 53),
(7, 5, 90),
(7, 5, 66),
(7, 5, 126),
(7, 5, 114),
(7, 5, 77),
(7, 5, 103),
(7, 5, 247),
(8, 2, 0),
(8, 2, 0),
(8, 2, 0),
(8, 2, 17),
(8, 2, 131),
(8, 2, 196),
(8, 2, 0),
(8, 6, 25),
(8, 6, 88),
(8, 6, 7),
(8, 6, 12),
(8, 6, 0),
(8, 6, 180),
(8, 6, 250),
(8, 3, 4),
(8, 3, 114),
(8, 3, 19),
(8, 3, 4),
(8, 3, 9),
(8, 3, 5),
(8, 3, 276),
(8, 4, 10),
(8, 4, 48),
(8, 4, 37),
(8, 4, 0),
(8, 4, 27),
(8, 4, 0),
(8, 4, 22),
(8, 5, 8),
(8, 5, 143),
(8, 5, 5),
(8, 5, 55),
(8, 5, 142),
(8, 5, 152),
(8, 5, 174),
(9, 2, 3),
(9, 2, 6),
(9, 2, 0),
(9, 2, 38),
(9, 2, 120),
(9, 2, 4),
(9, 2, 30),
(9, 6, 7),
(9, 6, 2),
(9, 6, 11),
(9, 6, 13),
(9, 6, 96),
(9, 6, 5),
(9, 6, 85),
(9, 3, 0),
(9, 3, 2),
(9, 3, 189),
(9, 3, 0),
(9, 3, 0),
(9, 3, 10),
(9, 3, 214),
(9, 4, 7),
(9, 4, 6),
(9, 4, 9),
(9, 4, 24),
(9, 4, 72),
(9, 4, 76),
(9, 4, 22),
(9, 5, 112),
(9, 5, 0),
(9, 5, 13),
(9, 5, 99),
(9, 5, 126),
(9, 5, 2),
(9, 5, 146),
(10, 2, 112),
(10, 2, 0),
(10, 2, 127),
(10, 2, 158),
(10, 2, 144),
(10, 2, 153),
(10, 2, 199),
(10, 6, 114),
(10, 6, 21),
(10, 6, 25),
(10, 6, 34),
(10, 6, 132),
(10, 6, 9),
(10, 6, 20),
(10, 3, 55),
(10, 3, 188),
(10, 3, 153),
(10, 3, 138),
(10, 3, 102),
(10, 3, 4),
(10, 3, 6),
(10, 4, 13),
(10, 4, 58),
(10, 4, 27),
(10, 4, 76),
(10, 4, 135),
(10, 4, 12),
(10, 4, 156),
(10, 10, 96),
(10, 10, 34),
(10, 10, 0),
(10, 10, 132),
(10, 10, 32),
(10, 10, 137),
(10, 10, 12),
(10, 5, 0),
(10, 5, 52),
(10, 5, 111),
(10, 5, 0),
(10, 5, 0),
(10, 5, 0),
(10, 5, 0),
(11, 2, 16),
(11, 2, 6),
(11, 2, 10),
(11, 2, 2),
(11, 2, 180),
(11, 2, 13),
(11, 2, 149),
(11, 10, 0),
(11, 10, 4),
(11, 10, 0),
(11, 10, 115),
(11, 10, 62),
(11, 10, 138),
(11, 10, 0),
(11, 5, 46),
(11, 5, 0),
(11, 5, 3),
(11, 5, 4),
(11, 5, 12),
(11, 5, 0),
(11, 5, 12),
(11, 6, 58),
(11, 6, 2),
(11, 6, 11),
(11, 6, 0),
(11, 6, 0),
(11, 6, 20),
(11, 6, 101),
(11, 4, 6),
(11, 4, 8),
(11, 4, 4),
(11, 4, 5),
(11, 4, 163),
(11, 4, 8),
(11, 4, 26),
(12, 2, 0),
(12, 2, 0),
(12, 2, 15),
(12, 2, 88),
(12, 2, 73),
(12, 2, 21),
(12, 2, 10),
(12, 3, 32),
(12, 3, 46),
(12, 3, 0),
(12, 3, 105),
(12, 3, 0),
(12, 3, 0),
(12, 3, 0),
(12, 6, 46),
(12, 6, 4),
(12, 6, 2),
(12, 6, 0),
(12, 6, 78),
(12, 6, 115),
(12, 6, 39),
(13, 2, 52),
(13, 2, 9),
(13, 2, 63),
(13, 2, 0),
(13, 2, 96),
(13, 2, 23),
(13, 2, 0),
(13, 4, 0),
(13, 4, 13),
(13, 4, 116),
(13, 4, 83),
(13, 4, 81),
(13, 4, 101),
(13, 4, 9),
(13, 11, 93),
(13, 11, 7),
(13, 11, 0),
(13, 11, 8),
(13, 11, 99),
(13, 11, 85),
(13, 11, 90),
(13, 3, 71),
(13, 3, 0),
(13, 3, 120),
(13, 3, 19),
(13, 3, 0),
(13, 3, 0),
(13, 3, 4),
(14, 2, 10),
(14, 2, 80),
(14, 2, 26),
(14, 2, 0),
(14, 2, 0),
(14, 2, 6),
(14, 2, 7),
(14, 11, 49),
(14, 11, 26),
(14, 11, 21),
(14, 11, 142),
(14, 11, 90),
(14, 11, 7),
(14, 11, 5),
(14, 4, 81),
(14, 4, 111),
(14, 4, 19),
(14, 4, 33),
(14, 4, 40),
(14, 4, 0),
(14, 4, 4),
(14, 3, 0),
(14, 3, 0),
(14, 3, 0),
(14, 3, 33),
(14, 3, 36),
(14, 3, 163),
(14, 3, 3),
(15, 2, 11),
(15, 2, 0),
(15, 2, 12),
(15, 2, 11),
(15, 2, 22),
(15, 2, 0),
(15, 2, 2),
(15, 6, 0),
(15, 6, 96),
(15, 6, 10),
(15, 6, 26),
(15, 6, 151),
(15, 6, 197),
(15, 6, 0),
(15, 4, 118),
(15, 4, 24),
(15, 4, 129),
(15, 4, 0),
(15, 4, 97),
(15, 4, 75),
(15, 4, 14),
(15, 5, 8),
(15, 5, 119),
(15, 5, 0),
(15, 5, 116),
(15, 5, 0),
(15, 5, 98),
(15, 5, 3),
(16, 2, 0),
(16, 2, 67),
(16, 2, 3),
(16, 2, 6),
(16, 2, 0),
(16, 2, 0),
(16, 2, 107),
(16, 6, 5),
(16, 6, 0),
(16, 6, 0),
(16, 6, 3),
(16, 6, 2),
(16, 6, 184),
(16, 6, 0),
(16, 4, 10),
(16, 4, 87),
(16, 4, 16),
(16, 4, 4),
(16, 4, 19),
(16, 4, 27),
(16, 4, 5),
(16, 5, 20),
(16, 5, 10),
(16, 5, 68),
(16, 5, 0),
(16, 5, 74),
(16, 5, 134),
(16, 5, 5),
(17, 2, 5),
(17, 2, 0),
(17, 2, 3),
(17, 2, 30),
(17, 2, 16),
(17, 2, 5),
(17, 2, 8),
(17, 6, 0),
(17, 6, 9),
(17, 6, 125),
(17, 6, 67),
(17, 6, 0),
(17, 6, 178),
(17, 6, 0),
(17, 4, 7),
(17, 4, 61),
(17, 4, 0),
(17, 4, 57),
(17, 4, 9),
(17, 4, 107),
(17, 4, 26),
(17, 5, 51),
(17, 5, 6),
(17, 5, 55),
(17, 5, 0),
(17, 5, 73),
(17, 5, 0),
(17, 5, 167),
(18, 2, 22),
(18, 2, 0),
(18, 2, 0),
(18, 2, 0),
(18, 2, 0),
(18, 2, 6),
(18, 2, 0),
(18, 12, 88),
(18, 12, 69),
(18, 12, 136),
(18, 12, 50),
(18, 12, 94),
(18, 12, 120),
(18, 12, 111),
(18, 3, 0),
(18, 3, 88),
(18, 3, 16),
(18, 3, 100),
(18, 3, 11),
(18, 3, 0),
(18, 3, 116),
(19, 2, 43),
(19, 2, 6),
(19, 2, 3),
(19, 2, 0),
(19, 2, 21),
(19, 2, 0),
(19, 2, 183),
(19, 3, 19),
(19, 3, 0),
(19, 3, 0),
(19, 3, 70),
(19, 3, 0),
(19, 3, 117),
(19, 3, 147),
(19, 4, 0),
(19, 4, 8),
(19, 4, 9),
(19, 4, 86),
(19, 4, 94),
(19, 4, 10),
(19, 4, 0),
(20, 2, 0),
(20, 2, 88),
(20, 2, 16),
(20, 2, 0),
(20, 2, 9),
(20, 2, 2),
(20, 2, 0),
(20, 10, 24),
(20, 10, 126),
(20, 10, 84),
(20, 10, 61),
(20, 10, 0),
(20, 10, 0),
(20, 10, 12),
(20, 3, 35),
(20, 3, 2),
(20, 3, 90),
(20, 3, 16),
(20, 3, 23),
(20, 3, 3),
(20, 3, 245),
(20, 6, 41),
(20, 6, 87),
(20, 6, 0),
(20, 6, 8),
(20, 6, 148),
(20, 6, 14),
(20, 6, 5),
(20, 4, 41),
(20, 4, 0),
(20, 4, 127),
(20, 4, 74),
(20, 4, 12),
(20, 4, 12),
(20, 4, 18),
(20, 5, 41),
(20, 5, 101),
(20, 5, 2),
(20, 5, 113),
(20, 5, 19),
(20, 5, 7),
(20, 5, 124),
(21, 2, 4),
(21, 2, 2),
(21, 2, 5),
(21, 2, 82),
(21, 2, 0),
(21, 2, 0),
(21, 2, 0),
(21, 4, 6),
(21, 4, 58),
(21, 4, 15),
(21, 4, 0),
(21, 4, 4),
(21, 4, 4),
(21, 4, 2),
(21, 5, 0),
(21, 5, 0),
(21, 5, 0),
(21, 5, 56),
(21, 5, 40),
(21, 5, 2),
(21, 5, 14),
(22, 2, 2),
(22, 2, 77),
(22, 2, 0),
(22, 2, 89),
(22, 2, 4),
(22, 2, 4),
(22, 2, 160),
(22, 4, 0),
(22, 4, 78),
(22, 4, 97),
(22, 4, 13),
(22, 4, 23),
(22, 4, 9),
(22, 4, 103),
(22, 3, 2),
(22, 3, 45),
(22, 3, 6),
(22, 3, 0),
(22, 3, 0),
(22, 3, 0),
(22, 3, 0),
(22, 5, 6),
(22, 5, 0),
(22, 5, 88),
(22, 5, 114),
(22, 5, 76),
(22, 5, 74),
(22, 5, 106),
(23, 2, 9),
(23, 2, 57),
(23, 2, 5),
(23, 2, 2),
(23, 2, 0),
(23, 2, 0),
(23, 2, 4),
(23, 4, 60),
(23, 4, 82),
(23, 4, 8),
(23, 4, 3),
(23, 4, 11),
(23, 4, 7),
(23, 4, 6),
(23, 3, 11),
(23, 3, 62),
(23, 3, 0),
(23, 3, 0),
(23, 3, 99),
(23, 3, 11),
(23, 3, 0),
(23, 6, 29),
(23, 6, 138),
(23, 6, 13),
(23, 6, 10),
(23, 6, 125),
(23, 6, 2),
(23, 6, 169),
(23, 13, 0),
(23, 13, 88),
(23, 13, 201),
(23, 13, 103),
(23, 13, 162),
(23, 13, 11),
(23, 13, 169),
(23, 10, 12),
(23, 10, 0),
(23, 10, 3),
(23, 10, 79),
(23, 10, 162),
(23, 10, 9),
(23, 10, 4),
(23, 5, 67),
(23, 5, 67),
(23, 5, 120),
(23, 5, 100),
(23, 5, 10),
(23, 5, 2),
(23, 5, 6),
(24, 2, 5),
(24, 2, 6),
(24, 2, 0),
(24, 2, 133),
(24, 2, 2),
(24, 2, 0),
(24, 2, 0),
(24, 6, 0),
(24, 6, 87),
(24, 6, 86),
(24, 6, 55),
(24, 6, 5),
(24, 6, 8),
(24, 6, 194),
(24, 4, 2),
(24, 4, 0),
(24, 4, 97),
(24, 4, 8),
(24, 4, 0),
(24, 4, 155),
(24, 4, 176),
(24, 5, 3),
(24, 5, 45),
(24, 5, 47),
(24, 5, 0),
(24, 5, 5),
(24, 5, 130),
(24, 5, 12),
(25, 2, 0),
(25, 2, 114),
(25, 2, 0),
(25, 2, 0),
(25, 2, 3),
(25, 2, 116),
(25, 2, 15),
(25, 6, 90),
(25, 6, 0),
(25, 6, 4),
(25, 6, 2),
(25, 6, 4),
(25, 6, 198),
(25, 6, 157),
(25, 4, 42),
(25, 4, 25),
(25, 4, 10),
(25, 4, 2),
(25, 4, 11),
(25, 4, 8),
(25, 4, 0),
(25, 5, 41),
(25, 5, 2),
(25, 5, 2),
(25, 5, 94),
(25, 5, 0),
(25, 5, 0),
(25, 5, 9),
(26, 2, 0),
(26, 2, 84),
(26, 2, 92),
(26, 2, 0),
(26, 2, 0),
(26, 2, 0),
(26, 2, 171),
(26, 4, 16),
(26, 4, 71),
(26, 4, 11),
(26, 4, 71),
(26, 4, 71),
(26, 4, 3),
(26, 4, 26),
(26, 5, 60),
(26, 5, 0),
(26, 5, 0),
(26, 5, 115),
(26, 5, 59),
(26, 5, 77),
(26, 5, 0),
(27, 2, 12),
(27, 2, 57),
(27, 2, 0),
(27, 2, 0),
(27, 2, 3),
(27, 2, 7),
(27, 2, 0),
(27, 3, 0),
(27, 3, 110),
(27, 3, 7),
(27, 3, 11),
(27, 3, 2),
(27, 3, 15),
(27, 3, 6),
(27, 4, 64),
(27, 4, 0),
(27, 4, 11),
(27, 4, 8),
(27, 4, 7),
(27, 4, 130),
(27, 4, 26),
(27, 5, 63),
(27, 5, 24),
(27, 5, 76),
(27, 5, 81),
(27, 5, 124),
(27, 5, 0),
(27, 5, 91),
(27, 6, 30),
(27, 6, 97),
(27, 6, 2),
(27, 6, 89),
(27, 6, 0),
(27, 6, 23),
(27, 6, 10),
(28, 2, 0),
(28, 2, 0),
(28, 2, 0),
(28, 2, 104),
(28, 2, 0),
(28, 2, 10),
(28, 2, 147),
(28, 5, 2),
(28, 5, 56),
(28, 5, 3),
(28, 5, 3),
(28, 5, 14),
(28, 5, 137),
(28, 5, 0),
(28, 3, 25),
(28, 3, 107),
(28, 3, 8),
(28, 3, 6),
(28, 3, 7),
(28, 3, 0),
(28, 3, 28),
(28, 4, 7),
(28, 4, 30),
(28, 4, 101),
(28, 4, 0),
(28, 4, 11),
(28, 4, 187),
(28, 4, 158),
(29, 2, 2),
(29, 2, 0),
(29, 2, 0),
(29, 2, 2),
(29, 2, 149),
(29, 2, 150),
(29, 2, 67),
(29, 3, 36),
(29, 3, 22),
(29, 3, 81),
(29, 3, 87),
(29, 3, 20),
(29, 3, 113),
(29, 3, 0),
(29, 12, 0),
(29, 12, 33),
(29, 12, 119),
(29, 12, 0),
(29, 12, 0),
(29, 12, 0),
(29, 12, 157),
(30, 2, 0),
(30, 2, 0),
(30, 2, 6),
(30, 2, 19),
(30, 2, 92),
(30, 2, 13),
(30, 2, 117),
(30, 5, 50),
(30, 5, 20),
(30, 5, 0),
(30, 5, 84),
(30, 5, 68),
(30, 5, 184),
(30, 5, 87),
(30, 6, 106),
(30, 6, 106),
(30, 6, 117),
(30, 6, 10),
(30, 6, 0),
(30, 6, 6),
(30, 6, 127),
(30, 3, 5),
(30, 3, 140),
(30, 3, 39),
(30, 3, 0),
(30, 3, 100),
(30, 3, 4),
(30, 3, 0),
(30, 4, 7),
(30, 4, 75),
(30, 4, 37),
(30, 4, 63),
(30, 4, 167),
(30, 4, 0),
(30, 4, 23),
(31, 2, 72),
(31, 2, 53),
(31, 2, 17),
(31, 2, 2),
(31, 2, 29),
(31, 2, 21),
(31, 2, 0),
(31, 3, 0),
(31, 3, 0),
(31, 3, 0),
(31, 3, 0),
(31, 3, 125),
(31, 3, 105),
(31, 3, 186),
(31, 4, 5),
(31, 4, 90),
(31, 4, 83),
(31, 4, 44),
(31, 4, 199),
(31, 4, 17),
(31, 4, 11),
(31, 5, 7),
(31, 5, 49),
(31, 5, 103),
(31, 5, 81),
(31, 5, 0),
(31, 5, 0),
(31, 5, 104),
(32, 2, 39),
(32, 2, 87),
(32, 2, 0),
(32, 2, 25),
(32, 2, 0),
(32, 2, 144),
(32, 2, 107),
(32, 3, 0),
(32, 3, 50),
(32, 3, 7),
(32, 3, 104),
(32, 3, 41),
(32, 3, 147),
(32, 3, 19),
(32, 4, 7),
(32, 4, 17),
(32, 4, 84),
(32, 4, 0),
(32, 4, 75),
(32, 4, 71),
(32, 4, 37),
(32, 5, 24),
(32, 5, 0),
(32, 5, 74),
(32, 5, 17),
(32, 5, 41),
(32, 5, 133),
(32, 5, 0),
(33, 2, 40),
(33, 2, 62),
(33, 2, 6),
(33, 2, 0),
(33, 2, 0),
(33, 2, 120),
(33, 2, 3),
(33, 12, 0),
(33, 12, 0),
(33, 12, 0),
(33, 12, 2),
(33, 12, 5),
(33, 12, 30),
(33, 12, 10),
(33, 3, 46),
(33, 3, 5),
(33, 3, 10),
(33, 3, 5),
(33, 3, 76),
(33, 3, 0),
(33, 3, 0),
(34, 2, 45),
(34, 2, 4),
(34, 2, 4),
(34, 2, 77),
(34, 2, 5),
(34, 2, 0),
(34, 2, 5),
(34, 6, 55),
(34, 6, 0),
(34, 6, 0),
(34, 6, 23),
(34, 6, 0),
(34, 6, 109),
(34, 6, 0),
(34, 4, 31),
(34, 4, 17),
(34, 4, 13),
(34, 4, 8),
(34, 4, 8),
(34, 4, 18),
(34, 4, 11),
(34, 5, 0),
(34, 5, 11),
(34, 5, 87),
(34, 5, 0),
(34, 5, 119),
(34, 5, 86),
(34, 5, 21),
(35, 2, 0),
(35, 2, 0),
(35, 2, 0),
(35, 2, 4),
(35, 2, 0),
(35, 2, 6),
(35, 2, 0),
(35, 12, 26),
(35, 12, 2),
(35, 12, 58),
(35, 12, 0),
(35, 12, 136),
(35, 12, 6),
(35, 12, 79),
(35, 3, 2),
(35, 3, 50),
(35, 3, 107),
(35, 3, 4),
(35, 3, 13),
(35, 3, 0),
(35, 3, 4),
(36, 2, 14),
(36, 2, 28),
(36, 2, 39),
(36, 2, 11),
(36, 2, 0),
(36, 2, 121),
(36, 2, 181),
(36, 3, 15),
(36, 3, 45),
(36, 3, 0),
(36, 3, 105),
(36, 3, 10),
(36, 3, 89),
(36, 3, 35),
(36, 4, 0),
(36, 4, 7),
(36, 4, 63),
(36, 4, 0),
(36, 4, 33),
(36, 4, 88),
(36, 4, 149),
(36, 6, 87),
(36, 6, 0),
(36, 6, 3),
(36, 6, 88),
(36, 6, 4),
(36, 6, 187),
(36, 6, 0),
(36, 5, 62),
(36, 5, 6),
(36, 5, 96),
(36, 5, 72),
(36, 5, 80),
(36, 5, 0),
(36, 5, 187),
(37, 2, 11),
(37, 2, 0),
(37, 2, 0),
(37, 2, 0),
(37, 2, 0),
(37, 2, 243),
(37, 2, 17),
(37, 3, 49),
(37, 3, 136),
(37, 3, 8),
(37, 3, 10),
(37, 3, 98),
(37, 3, 0),
(37, 3, 228),
(37, 4, 38),
(37, 4, 15),
(37, 4, 10),
(37, 4, 14),
(37, 4, 9),
(37, 4, 12),
(37, 4, 7),
(37, 6, 32),
(37, 6, 7),
(37, 6, 7),
(37, 6, 61),
(37, 6, 32),
(37, 6, 91),
(37, 6, 8),
(37, 5, 0),
(37, 5, 14),
(37, 5, 5),
(37, 5, 12),
(37, 5, 71),
(37, 5, 87),
(37, 5, 0),
(38, 2, 49),
(38, 2, 49),
(38, 2, 0),
(38, 2, 62),
(38, 2, 0),
(38, 2, 8),
(38, 2, 33),
(38, 9, 2),
(38, 9, 0),
(38, 9, 5),
(38, 9, 149),
(38, 9, 12),
(38, 9, 160),
(38, 9, 0),
(38, 7, 0),
(38, 7, 7),
(38, 7, 125),
(38, 7, 0),
(38, 7, 9),
(38, 7, 0),
(38, 7, 5),
(39, 2, 45),
(39, 2, 57),
(39, 2, 0),
(39, 2, 0),
(39, 2, 84),
(39, 2, 10),
(39, 2, 0),
(39, 6, 9),
(39, 6, 84),
(39, 6, 13),
(39, 6, 63),
(39, 6, 0),
(39, 6, 124),
(39, 6, 86),
(39, 3, 31),
(39, 3, 0),
(39, 3, 10),
(39, 3, 11),
(39, 3, 159),
(39, 3, 31),
(39, 3, 143),
(39, 4, 0),
(39, 4, 19),
(39, 4, 28),
(39, 4, 77),
(39, 4, 78),
(39, 4, 104),
(39, 4, 113),
(39, 5, 32),
(39, 5, 10),
(39, 5, 10),
(39, 5, 69),
(39, 5, 117),
(39, 5, 0),
(39, 5, 179),
(40, 2, 2),
(40, 2, 0),
(40, 2, 178),
(40, 2, 0),
(40, 2, 89),
(40, 2, 4),
(40, 2, 7),
(40, 6, 5),
(40, 6, 19),
(40, 6, 69),
(40, 6, 10),
(40, 6, 0),
(40, 6, 21),
(40, 6, 6),
(40, 4, 0),
(40, 4, 54),
(40, 4, 96),
(40, 4, 54),
(40, 4, 27),
(40, 4, 15),
(40, 4, 7),
(40, 5, 37),
(40, 5, 99),
(40, 5, 0),
(40, 5, 22),
(40, 5, 116),
(40, 5, 0),
(40, 5, 108),
(41, 2, 0),
(41, 2, 0),
(41, 2, 42),
(41, 2, 12),
(41, 2, 100),
(41, 2, 5),
(41, 2, 7),
(41, 6, 91),
(41, 6, 82),
(41, 6, 12),
(41, 6, 0),
(41, 6, 7),
(41, 6, 25),
(41, 6, 0),
(41, 4, 41),
(41, 4, 4),
(41, 4, 39),
(41, 4, 41),
(41, 4, 17),
(41, 4, 31),
(41, 4, 125),
(41, 10, 27),
(41, 10, 2),
(41, 10, 0),
(41, 10, 16),
(41, 10, 0),
(41, 10, 0),
(41, 10, 129),
(41, 5, 5),
(41, 5, 2),
(41, 5, 14),
(41, 5, 85),
(41, 5, 80),
(41, 5, 97),
(41, 5, 36),
(42, 2, 59),
(42, 2, 19),
(42, 2, 5),
(42, 2, 17),
(42, 2, 0),
(42, 2, 55),
(42, 2, 61),
(42, 9, 88),
(42, 9, 2),
(42, 9, 2),
(42, 9, 117),
(42, 9, 136),
(42, 9, 191),
(42, 9, 28),
(42, 3, 76),
(42, 3, 0),
(42, 3, 0),
(42, 3, 13),
(42, 3, 102),
(42, 3, 103),
(42, 3, 261),
(42, 7, 42),
(42, 7, 12),
(42, 7, 89),
(42, 7, 0),
(42, 7, 79),
(42, 7, 0),
(42, 7, 0),
(42, 14, 0),
(42, 14, 78),
(42, 14, 171),
(42, 14, 16),
(42, 14, 87),
(42, 14, 80),
(42, 14, 175),
(43, 2, 14),
(43, 2, 0),
(43, 2, 0),
(43, 2, 2),
(43, 2, 0),
(43, 2, 96),
(43, 2, 15),
(43, 6, 0),
(43, 6, 93),
(43, 6, 147),
(43, 6, 0),
(43, 6, 3),
(43, 6, 6),
(43, 6, 32),
(43, 4, 11),
(43, 4, 27),
(43, 4, 59),
(43, 4, 8),
(43, 4, 81),
(43, 4, 0),
(43, 4, 0),
(43, 5, 88),
(43, 5, 72),
(43, 5, 59),
(43, 5, 49),
(43, 5, 2),
(43, 5, 2),
(43, 5, 182),
(44, 2, 6),
(44, 2, 0),
(44, 2, 0),
(44, 2, 69),
(44, 2, 4),
(44, 2, 7),
(44, 2, 44),
(44, 3, 60),
(44, 3, 2),
(44, 3, 65),
(44, 3, 0),
(44, 3, 4),
(44, 3, 110),
(44, 3, 4),
(44, 4, 0),
(44, 4, 6),
(44, 4, 36),
(44, 4, 9),
(44, 4, 9),
(44, 4, 21),
(44, 4, 13),
(44, 5, 8),
(44, 5, 2),
(44, 5, 35),
(44, 5, 89),
(44, 5, 0),
(44, 5, 0),
(44, 5, 0),
(45, 2, 4),
(45, 2, 0),
(45, 2, 142),
(45, 2, 95),
(45, 2, 81),
(45, 2, 4),
(45, 2, 7),
(45, 4, 0),
(45, 4, 6),
(45, 4, 20),
(45, 4, 0),
(45, 4, 88),
(45, 4, 125),
(45, 4, 4),
(45, 3, 39),
(45, 3, 10),
(45, 3, 0),
(45, 3, 4),
(45, 3, 0),
(45, 3, 109),
(45, 3, 0),
(45, 5, 101),
(45, 5, 55),
(45, 5, 13),
(45, 5, 60),
(45, 5, 173),
(45, 5, 0),
(45, 5, 152),
(46, 2, 0),
(46, 2, 19),
(46, 2, 4),
(46, 2, 22),
(46, 2, 24),
(46, 2, 0),
(46, 2, 26),
(46, 3, 63),
(46, 3, 10),
(46, 3, 0),
(46, 3, 127),
(46, 3, 7),
(46, 3, 7),
(46, 3, 178),
(46, 4, 6),
(46, 4, 11),
(46, 4, 77),
(46, 4, 8),
(46, 4, 15),
(46, 4, 16),
(46, 4, 16),
(46, 6, 56),
(46, 6, 0),
(46, 6, 87),
(46, 6, 0),
(46, 6, 0),
(46, 6, 181),
(46, 6, 5),
(46, 5, 7),
(46, 5, 58),
(46, 5, 10),
(46, 5, 152),
(46, 5, 126),
(46, 5, 86),
(46, 5, 147),
(47, 2, 10),
(47, 2, 60),
(47, 2, 76),
(47, 2, 4),
(47, 2, 4),
(47, 2, 2),
(47, 2, 12),
(47, 4, 0),
(47, 4, 2),
(47, 4, 54),
(47, 4, 0),
(47, 4, 6),
(47, 4, 0),
(47, 4, 22),
(47, 5, 34),
(47, 5, 0),
(47, 5, 0),
(47, 5, 5),
(47, 5, 0),
(47, 5, 3),
(47, 5, 0),
(48, 2, 10),
(48, 2, 0),
(48, 2, 23),
(48, 2, 3),
(48, 2, 109),
(48, 2, 0),
(48, 2, 158),
(48, 5, 5),
(48, 5, 54),
(48, 5, 0),
(48, 5, 0),
(48, 5, 7),
(48, 5, 77),
(48, 5, 113),
(48, 6, 55),
(48, 6, 94),
(48, 6, 97),
(48, 6, 74),
(48, 6, 0),
(48, 6, 98),
(48, 6, 73),
(48, 3, 2),
(48, 3, 103),
(48, 3, 2),
(48, 3, 73),
(48, 3, 2),
(48, 3, 89),
(48, 3, 0),
(48, 4, 0),
(48, 4, 10),
(48, 4, 33),
(48, 4, 23),
(48, 4, 6),
(48, 4, 78),
(48, 4, 102),
(49, 2, 7),
(49, 2, 4),
(49, 2, 0),
(49, 2, 82),
(49, 2, 0),
(49, 2, 94),
(49, 2, 15),
(49, 5, 0),
(49, 5, 2),
(49, 5, 2),
(49, 5, 0),
(49, 5, 90),
(49, 5, 0),
(49, 5, 0),
(49, 6, 2),
(49, 6, 174),
(49, 6, 6),
(49, 6, 16),
(49, 6, 2),
(49, 6, 128),
(49, 6, 218),
(49, 4, 6),
(49, 4, 0),
(49, 4, 4),
(49, 4, 4),
(49, 4, 16),
(49, 4, 119),
(49, 4, 24),
(50, 2, 74),
(50, 2, 0),
(50, 2, 153),
(50, 2, 0),
(50, 2, 0),
(50, 2, 130),
(50, 2, 177),
(50, 6, 0),
(50, 6, 10),
(50, 6, 35),
(50, 6, 15),
(50, 6, 3),
(50, 6, 18),
(50, 6, 0),
(50, 4, 6),
(50, 4, 10),
(50, 4, 97),
(50, 4, 2),
(50, 4, 7),
(50, 4, 5),
(50, 4, 135),
(50, 5, 18),
(50, 5, 3),
(50, 5, 0),
(50, 5, 75),
(50, 5, 51),
(50, 5, 0),
(50, 5, 133),
(51, 2, 0),
(51, 2, 0),
(51, 2, 0),
(51, 2, 51),
(51, 2, 18),
(51, 2, 120),
(51, 2, 3),
(51, 6, 45),
(51, 6, 22),
(51, 6, 8),
(51, 6, 4),
(51, 6, 165),
(51, 6, 44),
(51, 6, 153),
(51, 4, 47),
(51, 4, 96),
(51, 4, 86),
(51, 4, 0),
(51, 4, 19),
(51, 4, 0),
(51, 4, 15),
(51, 5, 77),
(51, 5, 6),
(51, 5, 4),
(51, 5, 62),
(51, 5, 0),
(51, 5, 157),
(51, 5, 0),
(52, 2, 5),
(52, 2, 68),
(52, 2, 75),
(52, 2, 0),
(52, 2, 11),
(52, 2, 163),
(52, 2, 186),
(52, 15, 0),
(52, 15, 24),
(52, 15, 16),
(52, 15, 24),
(52, 15, 100),
(52, 15, 88),
(52, 15, 7),
(52, 11, 88),
(52, 11, 111),
(52, 11, 127),
(52, 11, 93),
(52, 11, 81),
(52, 11, 51),
(52, 11, 0),
(52, 4, 49),
(52, 4, 0),
(52, 4, 33),
(52, 4, 76),
(52, 4, 11),
(52, 4, 0),
(52, 4, 31),
(52, 3, 63),
(52, 3, 15),
(52, 3, 0),
(52, 3, 7),
(52, 3, 0),
(52, 3, 111),
(52, 3, 9),
(53, 2, 0),
(53, 2, 101),
(53, 2, 131),
(53, 2, 2),
(53, 2, 7),
(53, 2, 20),
(53, 2, 25),
(53, 3, 69),
(53, 3, 13),
(53, 3, 18),
(53, 3, 59),
(53, 3, 0),
(53, 3, 102),
(53, 3, 133),
(53, 5, 104),
(53, 5, 0),
(53, 5, 5),
(53, 5, 2),
(53, 5, 120),
(53, 5, 0),
(53, 5, 149),
(53, 6, 14),
(53, 6, 4),
(53, 6, 14),
(53, 6, 0),
(53, 6, 62),
(53, 6, 4),
(53, 6, 7),
(53, 4, 16),
(53, 4, 17),
(53, 4, 0),
(53, 4, 159),
(53, 4, 71),
(53, 4, 23),
(53, 4, 34),
(54, 2, 12),
(54, 2, 6),
(54, 2, 0),
(54, 2, 90),
(54, 2, 2),
(54, 2, 7),
(54, 2, 56),
(54, 5, 2),
(54, 5, 0),
(54, 5, 9),
(54, 5, 120),
(54, 5, 100),
(54, 5, 126),
(54, 5, 78),
(54, 6, 0),
(54, 6, 61),
(54, 6, 28),
(54, 6, 145),
(54, 6, 0),
(54, 6, 0),
(54, 6, 0),
(54, 4, 56),
(54, 4, 19),
(54, 4, 21),
(54, 4, 0),
(54, 4, 69),
(54, 4, 11),
(54, 4, 43),
(55, 2, 2),
(55, 2, 92),
(55, 2, 0),
(55, 2, 15),
(55, 2, 7),
(55, 2, 5),
(55, 2, 168),
(55, 4, 10),
(55, 4, 12),
(55, 4, 19),
(55, 4, 6),
(55, 4, 0),
(55, 4, 128),
(55, 4, 33),
(55, 5, 0),
(55, 5, 0),
(55, 5, 10),
(55, 5, 0),
(55, 5, 85),
(55, 5, 0),
(55, 5, 0),
(56, 2, 4),
(56, 2, 4),
(56, 2, 127),
(56, 2, 21),
(56, 2, 93),
(56, 2, 5),
(56, 2, 164),
(56, 4, 0),
(56, 4, 2),
(56, 4, 6),
(56, 4, 0),
(56, 4, 61),
(56, 4, 38),
(56, 4, 2),
(56, 5, 29),
(56, 5, 0),
(56, 5, 0),
(56, 5, 132),
(56, 5, 0),
(56, 5, 0),
(56, 5, 0),
(57, 2, 0),
(57, 2, 68),
(57, 2, 89),
(57, 2, 30),
(57, 2, 0),
(57, 2, 0),
(57, 2, 0),
(57, 4, 27),
(57, 4, 0),
(57, 4, 75),
(57, 4, 0),
(57, 4, 84),
(57, 4, 88),
(57, 4, 6),
(57, 5, 23),
(57, 5, 5),
(57, 5, 0),
(57, 5, 202),
(57, 5, 93),
(57, 5, 123),
(57, 5, 2),
(58, 2, 0),
(58, 2, 0),
(58, 2, 0),
(58, 2, 0),
(58, 2, 2),
(58, 2, 24),
(58, 2, 0),
(58, 4, 12),
(58, 4, 11),
(58, 4, 10),
(58, 4, 3),
(58, 4, 2),
(58, 4, 14),
(58, 4, 20),
(58, 5, 75),
(58, 5, 118),
(58, 5, 48),
(58, 5, 7),
(58, 5, 0),
(58, 5, 0),
(58, 5, 107),
(59, 2, 11),
(59, 2, 9),
(59, 2, 123),
(59, 2, 6),
(59, 2, 107),
(59, 2, 22),
(59, 2, 8),
(59, 6, 2),
(59, 6, 0),
(59, 6, 3),
(59, 6, 0),
(59, 6, 162),
(59, 6, 112),
(59, 6, 7),
(59, 4, 4),
(59, 4, 6),
(59, 4, 34),
(59, 4, 10),
(59, 4, 0),
(59, 4, 11),
(59, 4, 0),
(59, 5, 0),
(59, 5, 51),
(59, 5, 0),
(59, 5, 65),
(59, 5, 3),
(59, 5, 0),
(59, 5, 8),
(60, 2, 0),
(60, 2, 0),
(60, 2, 13),
(60, 2, 0),
(60, 2, 140),
(60, 2, 0),
(60, 2, 6),
(60, 6, 6),
(60, 6, 10),
(60, 6, 0),
(60, 6, 146),
(60, 6, 0),
(60, 6, 130),
(60, 6, 0),
(60, 4, 2),
(60, 4, 66),
(60, 4, 63),
(60, 4, 7),
(60, 4, 0),
(60, 4, 8),
(60, 4, 5),
(60, 5, 43),
(60, 5, 50),
(60, 5, 108),
(60, 5, 2),
(60, 5, 55),
(60, 5, 91),
(60, 5, 139),
(61, 2, 0),
(61, 2, 2),
(61, 2, 4),
(61, 2, 5),
(61, 2, 115),
(61, 2, 2),
(61, 2, 6),
(61, 4, 46),
(61, 4, 0),
(61, 4, 10),
(61, 4, 0),
(61, 4, 7),
(61, 4, 7),
(61, 4, 142),
(61, 5, 26),
(61, 5, 98),
(61, 5, 0),
(61, 5, 90),
(61, 5, 0),
(61, 5, 0),
(61, 5, 0),
(62, 2, 2),
(62, 2, 98),
(62, 2, 0),
(62, 2, 0),
(62, 2, 0),
(62, 2, 0),
(62, 2, 0),
(62, 4, 6),
(62, 4, 16),
(62, 4, 36),
(62, 4, 72),
(62, 4, 0),
(62, 4, 0),
(62, 4, 0),
(62, 5, 0),
(62, 5, 0),
(62, 5, 68),
(62, 5, 109),
(62, 5, 0),
(62, 5, 0),
(62, 5, 0),
(63, 2, 46),
(63, 2, 0),
(63, 2, 8),
(63, 2, 0),
(63, 2, 8),
(63, 2, 0),
(63, 2, 6),
(63, 6, 0),
(63, 6, 16),
(63, 6, 0),
(63, 6, 59),
(63, 6, 170),
(63, 6, 6),
(63, 6, 100),
(63, 4, 37),
(63, 4, 5),
(63, 4, 92),
(63, 4, 57),
(63, 4, 5),
(63, 4, 18),
(63, 4, 21),
(63, 5, 109),
(63, 5, 3),
(63, 5, 84),
(63, 5, 100),
(63, 5, 0),
(63, 5, 5),
(63, 5, 0),
(64, 2, 10),
(64, 2, 19),
(64, 2, 12),
(64, 2, 0),
(64, 2, 0),
(64, 2, 0),
(64, 2, 0),
(64, 6, 76),
(64, 6, 0),
(64, 6, 0),
(64, 6, 12),
(64, 6, 2),
(64, 6, 193),
(64, 6, 154),
(64, 4, 9),
(64, 4, 2),
(64, 4, 5),
(64, 4, 10),
(64, 4, 2),
(64, 4, 107),
(64, 4, 12),
(64, 5, 0),
(64, 5, 5),
(64, 5, 7),
(64, 5, 79),
(64, 5, 4),
(64, 5, 70),
(64, 5, 94),
(65, 2, 127),
(65, 2, 20),
(65, 2, 90),
(65, 2, 67),
(65, 2, 29),
(65, 2, 31),
(65, 2, 0),
(65, 6, 86),
(65, 6, 11),
(65, 6, 25),
(65, 6, 0),
(65, 6, 4),
(65, 6, 12),
(65, 6, 51),
(65, 4, 12),
(65, 4, 10),
(65, 4, 79),
(65, 4, 77),
(65, 4, 2),
(65, 4, 107),
(65, 4, 12),
(65, 5, 0),
(65, 5, 0),
(65, 5, 0),
(65, 5, 104),
(65, 5, 0),
(65, 5, 131),
(65, 5, 109),
(66, 2, 7),
(66, 2, 0),
(66, 2, 0),
(66, 2, 0),
(66, 2, 131),
(66, 2, 4),
(66, 2, 2),
(66, 4, 5),
(66, 4, 18),
(66, 4, 14),
(66, 4, 6),
(66, 4, 53),
(66, 4, 0),
(66, 4, 103),
(66, 6, 12),
(66, 6, 10),
(66, 6, 98),
(66, 6, 8),
(66, 6, 131),
(66, 6, 55),
(66, 6, 103),
(66, 5, 0),
(66, 5, 64),
(66, 5, 88),
(66, 5, 88),
(66, 5, 0),
(66, 5, 55),
(66, 5, 0),
(67, 2, 10),
(67, 2, 0),
(67, 2, 0),
(67, 2, 0),
(67, 2, 12),
(67, 2, 0),
(67, 2, 148),
(67, 6, 0),
(67, 6, 97),
(67, 6, 12),
(67, 6, 22),
(67, 6, 12),
(67, 6, 225),
(67, 6, 0),
(67, 4, 8),
(67, 4, 32),
(67, 4, 22),
(67, 4, 8),
(67, 4, 0),
(67, 4, 10),
(67, 4, 37),
(67, 5, 48),
(67, 5, 46),
(67, 5, 9),
(67, 5, 114),
(67, 5, 9),
(67, 5, 78),
(67, 5, 118),
(68, 2, 49),
(68, 2, 32),
(68, 2, 10),
(68, 2, 27),
(68, 2, 0),
(68, 2, 138),
(68, 2, 0),
(68, 4, 4),
(68, 4, 61),
(68, 4, 0),
(68, 4, 4),
(68, 4, 11),
(68, 4, 0),
(68, 4, 109),
(68, 6, 0),
(68, 6, 0),
(68, 6, 106),
(68, 6, 3),
(68, 6, 128),
(68, 6, 4),
(68, 6, 22),
(68, 5, 0),
(68, 5, 0),
(68, 5, 10),
(68, 5, 0),
(68, 5, 60),
(68, 5, 68),
(68, 5, 100),
(69, 2, 0),
(69, 2, 7),
(69, 2, 0),
(69, 2, 0),
(69, 2, 0),
(69, 2, 18),
(69, 2, 6),
(69, 4, 7),
(69, 4, 3),
(69, 4, 97),
(69, 4, 8),
(69, 4, 44),
(69, 4, 86),
(69, 4, 14),
(69, 6, 2),
(69, 6, 0),
(69, 6, 83),
(69, 6, 7),
(69, 6, 139),
(69, 6, 167),
(69, 6, 0),
(69, 5, 85),
(69, 5, 10),
(69, 5, 91),
(69, 5, 9),
(69, 5, 109),
(69, 5, 0),
(69, 5, 157),
(70, 2, 0),
(70, 2, 0),
(70, 2, 0),
(70, 2, 0),
(70, 2, 3),
(70, 2, 2),
(70, 2, 0),
(70, 4, 33),
(70, 4, 56),
(70, 4, 17),
(70, 4, 82),
(70, 4, 0),
(70, 4, 65),
(70, 4, 3),
(70, 5, 38),
(70, 5, 81),
(70, 5, 54),
(70, 5, 77),
(70, 5, 3),
(70, 5, 2),
(70, 5, 2),
(71, 2, 49),
(71, 2, 65),
(71, 2, 74),
(71, 2, 72),
(71, 2, 8),
(71, 2, 2),
(71, 2, 2),
(71, 4, 0),
(71, 4, 24),
(71, 4, 87),
(71, 4, 0),
(71, 4, 96),
(71, 4, 0),
(71, 4, 3),
(71, 5, 86),
(71, 5, 32),
(71, 5, 98),
(71, 5, 98),
(71, 5, 0),
(71, 5, 105),
(71, 5, 0),
(71, 6, 35),
(71, 6, 0),
(71, 6, 0),
(71, 6, 9),
(71, 6, 5),
(71, 6, 7),
(71, 6, 58),
(72, 6, 53),
(72, 6, 2),
(72, 6, 7),
(72, 6, 8),
(72, 6, 0),
(72, 6, 22),
(72, 6, 0),
(72, 4, 0),
(72, 4, 18),
(72, 4, 12),
(72, 4, 12),
(72, 4, 128),
(72, 4, 23),
(72, 4, 12),
(72, 5, 2),
(72, 5, 0),
(72, 5, 0),
(72, 5, 0),
(72, 5, 120),
(72, 5, 0),
(72, 5, 108),
(73, 2, 0),
(73, 2, 0),
(73, 2, 49),
(73, 2, 0),
(73, 2, 0),
(73, 2, 5),
(73, 2, 0),
(73, 4, 36),
(73, 4, 2),
(73, 4, 0),
(73, 4, 55),
(73, 4, 54),
(73, 4, 110),
(73, 4, 8),
(73, 5, 32),
(73, 5, 74),
(73, 5, 43),
(73, 5, 50),
(73, 5, 120),
(73, 5, 0),
(73, 5, 2),
(74, 2, 0),
(74, 2, 66),
(74, 2, 22),
(74, 2, 0),
(74, 2, 125),
(74, 2, 0),
(74, 2, 0),
(74, 6, 2),
(74, 6, 0),
(74, 6, 0),
(74, 6, 2),
(74, 6, 0),
(74, 6, 5),
(74, 6, 38),
(74, 4, 7),
(74, 4, 58),
(74, 4, 19),
(74, 4, 10),
(74, 4, 84),
(74, 4, 7),
(74, 4, 8),
(74, 5, 8),
(74, 5, 5),
(74, 5, 117),
(74, 5, 128),
(74, 5, 107),
(74, 5, 77),
(74, 5, 102),
(75, 2, 6),
(75, 2, 2),
(75, 2, 89),
(75, 2, 140),
(75, 2, 0),
(75, 2, 8),
(75, 2, 21),
(75, 3, 0),
(75, 3, 0),
(75, 3, 0),
(75, 3, 0),
(75, 3, 7),
(75, 3, 93),
(75, 3, 0),
(75, 4, 11),
(75, 4, 2),
(75, 4, 85),
(75, 4, 3),
(75, 4, 3),
(75, 4, 77),
(75, 4, 11),
(75, 5, 14),
(75, 5, 3),
(75, 5, 14),
(75, 5, 67),
(75, 5, 89),
(75, 5, 0),
(75, 5, 3),
(76, 2, 77),
(76, 2, 0),
(76, 2, 9),
(76, 2, 0),
(76, 2, 0),
(76, 2, 0),
(76, 2, 0),
(76, 4, 29),
(76, 4, 5),
(76, 4, 13),
(76, 4, 49),
(76, 4, 55),
(76, 4, 81),
(76, 4, 86),
(76, 5, 0),
(76, 5, 87),
(76, 5, 0),
(76, 5, 104),
(76, 5, 3),
(76, 5, 79),
(76, 5, 89),
(77, 2, 15),
(77, 2, 4),
(77, 2, 24),
(77, 2, 124),
(77, 2, 3),
(77, 2, 18),
(77, 2, 20),
(77, 4, 0),
(77, 4, 2),
(77, 4, 2),
(77, 4, 4),
(77, 4, 2),
(77, 4, 2),
(77, 4, 6),
(77, 5, 46),
(77, 5, 0),
(77, 5, 0),
(77, 5, 0),
(77, 5, 0),
(77, 5, 0),
(77, 5, 0),
(78, 2, 72),
(78, 2, 0),
(78, 2, 0),
(78, 2, 0),
(78, 2, 0),
(78, 2, 0),
(78, 2, 0),
(78, 4, 0),
(78, 4, 47),
(78, 4, 60),
(78, 4, 63),
(78, 4, 9),
(78, 4, 9),
(78, 4, 9),
(78, 5, 8),
(78, 5, 5),
(78, 5, 57),
(78, 5, 7),
(78, 5, 117),
(78, 5, 75),
(78, 5, 135),
(79, 2, 53),
(79, 2, 0),
(79, 2, 18),
(79, 2, 108),
(79, 2, 133),
(79, 2, 0),
(79, 2, 5),
(79, 4, 0),
(79, 4, 59),
(79, 4, 0),
(79, 4, 2),
(79, 4, 0),
(79, 4, 100),
(79, 4, 28),
(79, 5, 56),
(79, 5, 30),
(79, 5, 55),
(79, 5, 0),
(79, 5, 25),
(79, 5, 86),
(79, 5, 0),
(80, 2, 19),
(80, 2, 15),
(80, 2, 0),
(80, 2, 4),
(80, 2, 18),
(80, 2, 17),
(80, 2, 27),
(80, 4, 35),
(80, 4, 35),
(80, 4, 8),
(80, 4, 0),
(80, 4, 0),
(80, 4, 4),
(80, 4, 35),
(80, 6, 9),
(80, 6, 5),
(80, 6, 2),
(80, 6, 4),
(80, 6, 90),
(80, 6, 0),
(80, 6, 12),
(80, 5, 0),
(80, 5, 0),
(80, 5, 13),
(80, 5, 40),
(80, 5, 126),
(80, 5, 102),
(80, 5, 0),
(81, 2, 77),
(81, 2, 0),
(81, 2, 9),
(81, 2, 5),
(81, 2, 129),
(81, 2, 0),
(81, 2, 0),
(81, 4, 0),
(81, 4, 22),
(81, 4, 71),
(81, 4, 0),
(81, 4, 5),
(81, 4, 91),
(81, 4, 9),
(81, 5, 21),
(81, 5, 82),
(81, 5, 0),
(81, 5, 96),
(81, 5, 0),
(81, 5, 80),
(81, 5, 4),
(82, 2, 5),
(82, 2, 0),
(82, 2, 12),
(82, 2, 13),
(82, 2, 78),
(82, 2, 3),
(82, 2, 0),
(82, 4, 0),
(82, 4, 56),
(82, 4, 0),
(82, 4, 2),
(82, 4, 83),
(82, 4, 3),
(82, 4, 15),
(82, 5, 44),
(82, 5, 69),
(82, 5, 2),
(82, 5, 0),
(82, 5, 0),
(82, 5, 0),
(82, 5, 17),
(83, 2, 52),
(83, 2, 0),
(83, 2, 96),
(83, 2, 162),
(83, 2, 0),
(83, 2, 50),
(83, 2, 86),
(83, 6, 42),
(83, 6, 8),
(83, 6, 0),
(83, 6, 40),
(83, 6, 5),
(83, 6, 54),
(83, 6, 0),
(83, 4, 0),
(83, 4, 9),
(83, 4, 8),
(83, 4, 0),
(83, 4, 110),
(83, 4, 2),
(83, 4, 95),
(83, 5, 94),
(83, 5, 11),
(83, 5, 4),
(83, 5, 108),
(83, 5, 76),
(83, 5, 140),
(83, 5, 121),
(84, 2, 0),
(84, 2, 0),
(84, 2, 2),
(84, 2, 0),
(84, 2, 19),
(84, 2, 31),
(84, 2, 5),
(84, 6, 75),
(84, 6, 94),
(84, 6, 0),
(84, 6, 4),
(84, 6, 175),
(84, 6, 213),
(84, 6, 0),
(84, 4, 59),
(84, 4, 24),
(84, 4, 21),
(84, 4, 22),
(84, 4, 87),
(84, 4, 84),
(84, 4, 7),
(84, 5, 32),
(84, 5, 89),
(84, 5, 5),
(84, 5, 58),
(84, 5, 0),
(84, 5, 0),
(84, 5, 124),
(85, 2, 0),
(85, 2, 4),
(85, 2, 0),
(85, 2, 0),
(85, 2, 0),
(85, 2, 11),
(85, 2, 97),
(85, 5, 5),
(85, 5, 52),
(85, 5, 74),
(85, 5, 3),
(85, 5, 148),
(85, 5, 7),
(85, 5, 0),
(85, 4, 5),
(85, 4, 0),
(85, 4, 9),
(85, 4, 86),
(85, 4, 47),
(85, 4, 16),
(85, 4, 184),
(85, 6, 4),
(85, 6, 41),
(85, 6, 16),
(85, 6, 72),
(85, 6, 13),
(85, 6, 0),
(85, 6, 209),
(86, 2, 20),
(86, 2, 4),
(86, 2, 69),
(86, 2, 8),
(86, 2, 0),
(86, 2, 0),
(86, 2, 138),
(86, 5, 13),
(86, 5, 0),
(86, 5, 0),
(86, 5, 46),
(86, 5, 91),
(86, 5, 92),
(86, 5, 0),
(86, 4, 0),
(86, 4, 8),
(86, 4, 77),
(86, 4, 11),
(86, 4, 78),
(86, 4, 29),
(86, 4, 99),
(86, 6, 8),
(86, 6, 36),
(86, 6, 88),
(86, 6, 0),
(86, 6, 54),
(86, 6, 4),
(86, 6, 224),
(87, 2, 70),
(87, 2, 2),
(87, 2, 17),
(87, 2, 8),
(87, 2, 8),
(87, 2, 6),
(87, 2, 77),
(87, 4, 0),
(87, 4, 7),
(87, 4, 28),
(87, 4, 74),
(87, 4, 0),
(87, 4, 11),
(87, 4, 6),
(87, 5, 31),
(87, 5, 0),
(87, 5, 2),
(87, 5, 0),
(87, 5, 86),
(87, 5, 0),
(87, 5, 0),
(87, 6, 42),
(87, 6, 11),
(87, 6, 0),
(87, 6, 7),
(87, 6, 139),
(87, 6, 14),
(87, 6, 182),
(88, 2, 11),
(88, 2, 2),
(88, 2, 57),
(88, 2, 20),
(88, 2, 93),
(88, 2, 0),
(88, 2, 235),
(88, 4, 0),
(88, 4, 0),
(88, 4, 0),
(88, 4, 71),
(88, 4, 78),
(88, 4, 27),
(88, 4, 11),
(88, 5, 51),
(88, 5, 16),
(88, 5, 117),
(88, 5, 3),
(88, 5, 63),
(88, 5, 73),
(88, 5, 0),
(88, 6, 66),
(88, 6, 117),
(88, 6, 94),
(88, 6, 0),
(88, 6, 0),
(88, 6, 57),
(88, 6, 42),
(89, 2, 59),
(89, 2, 4),
(89, 2, 4),
(89, 2, 58),
(89, 2, 2),
(89, 2, 169),
(89, 2, 233),
(89, 4, 0),
(89, 4, 54),
(89, 4, 0),
(89, 4, 64),
(89, 4, 59),
(89, 4, 0),
(89, 4, 10),
(89, 5, 32),
(89, 5, 0),
(89, 5, 75),
(89, 5, 0),
(89, 5, 0),
(89, 5, 95),
(89, 5, 0),
(90, 2, 0),
(90, 2, 4),
(90, 2, 2),
(90, 2, 0),
(90, 2, 12),
(90, 2, 0),
(90, 2, 0),
(90, 4, 33),
(90, 4, 36),
(90, 4, 0),
(90, 4, 3),
(90, 4, 76),
(90, 4, 2),
(90, 4, 17),
(90, 5, 48),
(90, 5, 0),
(90, 5, 4),
(90, 5, 3),
(90, 5, 0),
(90, 5, 2),
(90, 5, 125),
(91, 2, 0),
(91, 2, 0),
(91, 2, 0),
(91, 2, 0),
(91, 2, 0),
(91, 2, 0),
(91, 2, 0),
(91, 4, 3),
(91, 4, 41),
(91, 4, 2),
(91, 4, 9),
(91, 4, 51),
(91, 4, 167),
(91, 4, 6),
(91, 5, 34),
(91, 5, 2),
(91, 5, 5),
(91, 5, 14),
(91, 5, 3),
(91, 5, 141),
(91, 5, 118),
(92, 2, 0),
(92, 2, 0),
(92, 2, 19),
(92, 2, 71),
(92, 2, 94),
(92, 2, 2),
(92, 2, 0),
(92, 4, 2),
(92, 4, 10),
(92, 4, 25),
(92, 4, 0),
(92, 4, 13),
(92, 4, 8),
(92, 4, 10),
(92, 10, 2),
(92, 10, 2),
(92, 10, 78),
(92, 10, 72),
(92, 10, 68),
(92, 10, 87),
(92, 10, 5),
(92, 5, 2),
(92, 5, 13),
(92, 5, 0),
(92, 5, 93),
(92, 5, 0),
(92, 5, 0),
(92, 5, 105),
(93, 2, 8),
(93, 2, 0),
(93, 2, 16),
(93, 2, 88),
(93, 2, 118),
(93, 2, 6),
(93, 2, 174),
(93, 4, 88),
(93, 4, 7),
(93, 4, 0),
(93, 4, 105),
(93, 4, 109),
(93, 4, 20),
(93, 4, 8),
(93, 10, 0),
(93, 10, 49),
(93, 10, 51),
(93, 10, 0),
(93, 10, 0),
(93, 10, 0),
(93, 10, 108),
(93, 5, 47),
(93, 5, 107),
(93, 5, 116),
(93, 5, 64),
(93, 5, 3),
(93, 5, 79),
(93, 5, 0),
(94, 4, 0),
(94, 4, 32),
(94, 4, 14),
(94, 4, 8),
(94, 4, 105),
(94, 4, 15),
(94, 4, 41),
(94, 6, 2),
(94, 6, 64),
(94, 6, 91),
(94, 6, 0),
(94, 6, 96),
(94, 6, 0),
(94, 6, 0),
(94, 10, 3),
(94, 10, 73),
(94, 10, 0),
(94, 10, 16),
(94, 10, 53),
(94, 10, 151),
(94, 10, 220),
(94, 5, 3),
(94, 5, 0),
(94, 5, 20),
(94, 5, 92),
(94, 5, 0),
(94, 5, 12),
(94, 5, 112),
(95, 2, 0),
(95, 2, 23),
(95, 2, 0),
(95, 2, 0),
(95, 2, 19),
(95, 2, 0),
(95, 2, 131),
(95, 4, 42),
(95, 4, 88),
(95, 4, 9),
(95, 4, 10),
(95, 4, 4),
(95, 4, 113),
(95, 4, 106),
(95, 5, 23),
(95, 5, 0),
(95, 5, 5),
(95, 5, 3),
(95, 5, 0),
(95, 5, 81),
(95, 5, 0),
(96, 2, 53),
(96, 2, 0),
(96, 2, 0),
(96, 2, 6),
(96, 2, 0),
(96, 2, 91),
(96, 2, 0),
(96, 4, 0),
(96, 4, 90),
(96, 4, 11),
(96, 4, 10),
(96, 4, 21),
(96, 4, 76),
(96, 4, 139),
(96, 5, 58),
(96, 5, 29),
(96, 5, 49),
(96, 5, 0),
(96, 5, 124),
(96, 5, 0),
(96, 5, 90),
(97, 2, 6),
(97, 2, 80),
(97, 2, 0),
(97, 2, 5),
(97, 2, 8),
(97, 2, 16),
(97, 2, 28),
(97, 4, 65),
(97, 4, 97),
(97, 4, 83),
(97, 4, 0),
(97, 4, 10),
(97, 4, 23),
(97, 4, 13),
(97, 10, 0),
(97, 10, 0),
(97, 10, 97),
(97, 10, 59),
(97, 10, 0),
(97, 10, 0),
(97, 10, 107),
(97, 5, 105),
(97, 5, 54),
(97, 5, 46),
(97, 5, 32),
(97, 5, 84),
(97, 5, 103),
(97, 5, 0),
(98, 2, 0),
(98, 2, 0),
(98, 2, 0),
(98, 2, 64),
(98, 2, 4),
(98, 2, 173),
(98, 2, 0),
(98, 4, 43),
(98, 4, 29),
(98, 4, 63),
(98, 4, 0),
(98, 4, 132),
(98, 4, 108),
(98, 4, 26),
(98, 5, 4),
(98, 5, 8),
(98, 5, 53),
(98, 5, 4),
(98, 5, 63),
(98, 5, 8),
(98, 5, 103),
(99, 2, 0),
(99, 2, 0),
(99, 2, 0),
(99, 2, 101),
(99, 2, 2),
(99, 2, 0),
(99, 2, 3),
(99, 4, 6),
(99, 4, 75),
(99, 4, 2),
(99, 4, 0),
(99, 4, 29),
(99, 4, 12),
(99, 4, 10),
(99, 10, 51),
(99, 10, 104),
(99, 10, 85),
(99, 10, 86),
(99, 10, 109),
(99, 10, 3),
(99, 10, 0),
(99, 5, 38),
(99, 5, 3),
(99, 5, 6),
(99, 5, 62),
(99, 5, 0),
(99, 5, 75),
(99, 5, 96),
(100, 2, 52),
(100, 2, 11),
(100, 2, 0),
(100, 2, 78),
(100, 2, 74),
(100, 2, 109),
(100, 2, 0),
(100, 4, 0),
(100, 4, 4),
(100, 4, 80),
(100, 4, 20),
(100, 4, 0),
(100, 4, 4),
(100, 4, 23),
(100, 5, 7),
(100, 5, 0),
(100, 5, 2),
(100, 5, 0),
(100, 5, 21),
(100, 5, 0),
(100, 5, 2),
(101, 2, 5),
(101, 2, 0),
(101, 2, 0),
(101, 2, 0),
(101, 2, 132),
(101, 2, 2),
(101, 2, 161),
(101, 5, 43),
(101, 5, 71),
(101, 5, 67),
(101, 5, 81),
(101, 5, 83),
(101, 5, 181),
(101, 5, 64),
(101, 4, 0),
(101, 4, 54),
(101, 4, 194),
(101, 4, 93),
(101, 4, 111),
(101, 4, 29),
(101, 4, 64),
(101, 6, 49),
(101, 6, 8),
(101, 6, 99),
(101, 6, 8),
(101, 6, 0),
(101, 6, 0),
(101, 6, 0),
(102, 2, 57),
(102, 2, 65),
(102, 2, 0),
(102, 2, 23),
(102, 2, 10),
(102, 2, 6),
(102, 2, 34),
(102, 4, 14),
(102, 4, 21),
(102, 4, 8),
(102, 4, 2),
(102, 4, 2),
(102, 4, 30),
(102, 4, 4),
(102, 10, 0),
(102, 10, 0),
(102, 10, 121),
(102, 10, 53),
(102, 10, 2),
(102, 10, 69),
(102, 10, 0),
(102, 5, 38),
(102, 5, 44),
(102, 5, 74),
(102, 5, 0),
(102, 5, 0),
(102, 5, 0),
(102, 5, 102),
(103, 2, 0),
(103, 2, 0),
(103, 2, 6),
(103, 2, 120),
(103, 2, 86),
(103, 2, 8),
(103, 2, 21),
(103, 4, 12),
(103, 4, 17),
(103, 4, 110),
(103, 4, 0),
(103, 4, 34),
(103, 4, 21),
(103, 4, 9),
(103, 10, 45),
(103, 10, 75),
(103, 10, 108),
(103, 10, 178),
(103, 10, 0),
(103, 10, 0),
(103, 10, 0),
(103, 5, 43),
(103, 5, 4),
(103, 5, 0),
(103, 5, 16),
(103, 5, 69),
(103, 5, 101),
(103, 5, 136),
(104, 2, 44),
(104, 2, 0),
(104, 2, 2),
(104, 2, 6),
(104, 2, 108),
(104, 2, 0),
(104, 2, 0),
(104, 4, 10),
(104, 4, 14),
(104, 4, 0),
(104, 4, 0),
(104, 4, 9),
(104, 4, 22),
(104, 4, 14),
(104, 5, 0),
(104, 5, 32),
(104, 5, 4),
(104, 5, 72),
(104, 5, 0),
(104, 5, 3),
(104, 5, 189),
(105, 2, 29),
(105, 2, 0),
(105, 2, 32),
(105, 2, 0),
(105, 2, 116),
(105, 2, 6),
(105, 2, 17),
(105, 4, 26),
(105, 4, 18),
(105, 4, 10),
(105, 4, 76),
(105, 4, 27),
(105, 4, 13),
(105, 4, 2),
(105, 10, 0),
(105, 10, 3),
(105, 10, 0),
(105, 10, 2),
(105, 10, 7),
(105, 10, 143),
(105, 10, 0),
(105, 5, 54),
(105, 5, 83),
(105, 5, 110),
(105, 5, 107),
(105, 5, 0),
(105, 5, 0),
(105, 5, 2),
(106, 2, 0),
(106, 2, 0),
(106, 2, 0),
(106, 2, 0),
(106, 2, 0),
(106, 2, 0),
(106, 2, 0),
(106, 4, 26),
(106, 4, 58),
(106, 4, 12),
(106, 4, 8),
(106, 4, 4),
(106, 4, 32),
(106, 4, 2),
(106, 5, 6),
(106, 5, 90),
(106, 5, 3),
(106, 5, 2),
(106, 5, 53),
(106, 5, 90),
(106, 5, 123),
(107, 2, 3),
(107, 2, 99),
(107, 2, 9),
(107, 2, 0),
(107, 2, 23),
(107, 2, 41),
(107, 2, 188),
(107, 4, 6),
(107, 4, 19),
(107, 4, 100),
(107, 4, 15),
(107, 4, 73),
(107, 4, 26),
(107, 4, 48),
(107, 10, 4),
(107, 10, 116),
(107, 10, 0),
(107, 10, 147),
(107, 10, 9),
(107, 10, 2),
(107, 10, 0),
(107, 5, 0),
(107, 5, 0),
(107, 5, 106),
(107, 5, 12),
(107, 5, 0),
(107, 5, 0),
(107, 5, 40),
(108, 2, 0),
(108, 2, 43),
(108, 2, 0),
(108, 2, 0),
(108, 2, 128),
(108, 2, 0),
(108, 2, 0),
(108, 4, 79),
(108, 4, 0),
(108, 4, 38),
(108, 4, 14),
(108, 4, 0),
(108, 4, 46),
(108, 4, 26),
(108, 5, 49),
(108, 5, 54),
(108, 5, 101),
(108, 5, 59),
(108, 5, 2),
(108, 5, 9),
(108, 5, 9),
(109, 2, 57),
(109, 2, 60),
(109, 2, 91),
(109, 2, 65),
(109, 2, 2),
(109, 2, 7),
(109, 2, 4),
(109, 4, 5),
(109, 4, 5),
(109, 4, 119),
(109, 4, 12),
(109, 4, 5),
(109, 4, 43),
(109, 4, 6),
(109, 10, 0),
(109, 10, 0),
(109, 10, 17),
(109, 10, 0),
(109, 10, 0),
(109, 10, 2),
(109, 10, 14),
(109, 5, 8),
(109, 5, 4),
(109, 5, 0),
(109, 5, 97),
(109, 5, 6),
(109, 5, 0),
(109, 5, 0),
(110, 2, 70),
(110, 2, 10),
(110, 2, 7),
(110, 2, 7),
(110, 2, 0),
(110, 2, 3),
(110, 2, 14),
(110, 4, 54),
(110, 4, 9),
(110, 4, 6),
(110, 4, 14),
(110, 4, 14),
(110, 4, 17),
(110, 4, 18),
(110, 5, 0),
(110, 5, 0),
(110, 5, 0),
(110, 5, 0),
(110, 5, 3),
(110, 5, 0),
(110, 5, 0),
(111, 2, 0),
(111, 2, 0),
(111, 2, 0),
(111, 2, 0),
(111, 2, 110),
(111, 2, 0),
(111, 2, 126),
(111, 4, 24),
(111, 4, 5),
(111, 4, 96),
(111, 4, 6),
(111, 4, 13),
(111, 4, 16),
(111, 4, 135),
(111, 5, 29),
(111, 5, 2),
(111, 5, 105),
(111, 5, 3),
(111, 5, 0),
(111, 5, 6),
(111, 5, 0),
(112, 2, 2),
(112, 2, 48),
(112, 2, 0),
(112, 2, 0),
(112, 2, 0),
(112, 2, 0),
(112, 2, 0),
(112, 4, 0),
(112, 4, 49),
(112, 4, 15),
(112, 4, 2),
(112, 4, 98),
(112, 4, 118),
(112, 4, 6),
(112, 5, 5),
(112, 5, 0),
(112, 5, 110),
(112, 5, 2),
(112, 5, 120),
(112, 5, 6),
(112, 5, 145),
(113, 2, 90),
(113, 2, 0),
(113, 2, 6),
(113, 2, 5),
(113, 2, 0),
(113, 2, 132),
(113, 2, 182),
(113, 4, 50),
(113, 4, 71),
(113, 4, 70),
(113, 4, 51),
(113, 4, 8),
(113, 4, 10),
(113, 4, 10),
(113, 5, 0),
(113, 5, 134),
(113, 5, 0),
(113, 5, 0),
(113, 5, 104),
(113, 5, 0),
(113, 5, 0),
(114, 2, 4),
(114, 2, 69),
(114, 2, 2),
(114, 2, 0),
(114, 2, 94),
(114, 2, 61),
(114, 2, 139),
(114, 4, 2),
(114, 4, 58),
(114, 4, 0),
(114, 4, 67),
(114, 4, 4),
(114, 4, 0),
(114, 4, 127),
(114, 5, 0),
(114, 5, 0),
(114, 5, 7),
(114, 5, 63),
(114, 5, 0),
(114, 5, 84),
(114, 5, 0),
(115, 2, 75),
(115, 2, 50),
(115, 2, 71),
(115, 2, 121),
(115, 2, 16),
(115, 2, 6),
(115, 2, 0),
(115, 3, 44),
(115, 3, 8),
(115, 3, 66),
(115, 3, 15),
(115, 3, 0),
(115, 3, 103),
(115, 3, 116),
(115, 16, 0),
(115, 16, 20),
(115, 16, 24),
(115, 16, 67),
(115, 16, 103),
(115, 16, 159),
(115, 16, 33),
(115, 4, 50),
(115, 4, 0),
(115, 4, 0),
(115, 4, 0),
(115, 4, 67),
(115, 4, 0),
(115, 4, 14),
(116, 2, 0),
(116, 2, 0),
(116, 2, 109),
(116, 2, 10),
(116, 2, 0),
(116, 2, 205),
(116, 2, 0),
(116, 4, 8),
(116, 4, 14),
(116, 4, 0),
(116, 4, 3),
(116, 4, 4),
(116, 4, 110),
(116, 4, 90),
(116, 5, 35),
(116, 5, 20),
(116, 5, 128),
(116, 5, 0),
(116, 5, 68),
(116, 5, 0),
(116, 5, 147),
(117, 2, 32),
(117, 2, 0),
(117, 2, 0),
(117, 2, 79),
(117, 2, 0),
(117, 2, 129),
(117, 2, 2),
(117, 4, 8),
(117, 4, 45),
(117, 4, 37),
(117, 4, 74),
(117, 4, 35),
(117, 4, 94),
(117, 4, 0),
(117, 5, 0),
(117, 5, 64),
(117, 5, 3),
(117, 5, 0),
(117, 5, 104),
(117, 5, 0),
(117, 5, 94),
(118, 2, 0),
(118, 2, 103),
(118, 2, 5),
(118, 2, 89),
(118, 2, 0),
(118, 2, 0),
(118, 2, 0),
(118, 4, 60),
(118, 4, 53),
(118, 4, 0),
(118, 4, 0),
(118, 4, 16),
(118, 4, 75),
(118, 4, 23),
(118, 5, 94),
(118, 5, 0),
(118, 5, 4),
(118, 5, 38),
(118, 5, 76),
(118, 5, 129),
(118, 5, 26),
(119, 2, 7),
(119, 2, 2),
(119, 2, 0),
(119, 2, 2),
(119, 2, 4),
(119, 2, 0),
(119, 2, 8),
(119, 4, 0),
(119, 4, 0),
(119, 4, 15),
(119, 4, 0),
(119, 4, 81),
(119, 4, 5),
(119, 4, 110),
(119, 5, 35),
(119, 5, 53),
(119, 5, 3),
(119, 5, 45),
(119, 5, 0),
(119, 5, 159),
(119, 5, 0),
(120, 2, 0),
(120, 2, 40),
(120, 2, 4),
(120, 2, 0),
(120, 2, 0),
(120, 2, 18),
(120, 2, 0),
(120, 4, 21),
(120, 4, 0),
(120, 4, 0),
(120, 4, 4),
(120, 4, 3),
(120, 4, 10),
(120, 4, 38),
(120, 5, 18),
(120, 5, 6),
(120, 5, 66),
(120, 5, 13),
(120, 5, 121),
(120, 5, 0),
(120, 5, 99),
(121, 2, 0),
(121, 2, 18),
(121, 2, 79),
(121, 2, 0),
(121, 2, 120),
(121, 2, 4),
(121, 2, 0),
(121, 4, 8),
(121, 4, 2),
(121, 4, 58),
(121, 4, 51),
(121, 4, 111),
(121, 4, 26),
(121, 4, 17),
(121, 10, 81),
(121, 10, 49),
(121, 10, 125),
(121, 10, 3),
(121, 10, 0),
(121, 10, 0),
(121, 10, 2),
(121, 5, 2),
(121, 5, 0),
(121, 5, 0),
(121, 5, 4),
(121, 5, 92),
(121, 5, 16),
(121, 5, 4);

-- --------------------------------------------------------

--
-- Estructura de tabla para la tabla `tblentjgo`
--

CREATE TABLE `tblentjgo` (
  `idnentjgo` int(11) NOT NULL,
  `fecha` date NOT NULL,
  `tblnomjgo` tinytext DEFAULT NULL
) ENGINE=InnoDB DEFAULT CHARSET=utf8mb3 COLLATE=utf8mb3_spanish2_ci;

--
-- Volcado de datos para la tabla `tblentjgo`
--

INSERT INTO `tblentjgo` (`idnentjgo`, `fecha`, `tblnomjgo`) VALUES
(1, '2024-06-28', '28/06/2024 jazmin 1'),
(2, '2024-06-29', '29/06/2024 Mom 1'),
(3, '2024-06-29', '29/06/2024 Mom 2'),
(4, '2024-07-04', '04/07/2024 Mom 1'),
(7, '2024-07-04', '04/07/2024 Mom 2'),
(8, '2024-07-06', '06/07/2024 Mom 1'),
(9, '2024-07-06', '06/07/2024 Mom 2'),
(10, '2024-07-06', '06/07/2024 Mom 3'),
(11, '2024-07-09', '09/07/2024 Bongoni 1'),
(12, '2024-07-10', '10/07/2024 Bongoni 1'),
(13, '2024-07-11', '11/07/2024 Toluca 1'),
(14, '2024-07-11', '11/07/2024 Toluca 2'),
(15, '2024-07-13', '13/07/2024 Mom 1'),
(16, '2024-07-13', '13/07/2024 mom 2'),
(17, '2024-07-13', '13/07/2024 Mom 3'),
(18, '2024-07-16', '16/07/2024 Fuentes 1'),
(19, '2024-07-21', '21/07/2024 Alemania 1'),
(20, '2024-07-29', '29/07/2024 Mom 1'),
(21, '2024-08-03', '03/08/2024 Mom 1'),
(22, '2024-08-03', '03/08/2024 Mom 2'),
(23, '2024-08-09', '09/08/2024 mom 1'),
(24, '2024-08-10', '10/08/2024 Mom 1'),
(25, '2024-08-10', '10/08/2024 Mom 2'),
(26, '2024-08-17', '17/08/2024 mom 1'),
(27, '2024-08-24', '24/08/2024 Mom 1'),
(28, '2024-08-24', '24/08/2024 Mom 2'),
(29, '2024-09-01', '01/09/2024 home 1'),
(30, '2024-09-07', '07/09/2024 Mom'),
(31, '2024-09-14', '14/09/2024 mom'),
(32, '2024-09-14', '14/09/2024 Mom 2'),
(33, '2024-09-15', '15/09/2024 Las fuentes 1'),
(34, '2024-10-05', '05/10/2024 mom 1'),
(35, '2024-10-09', '09/10/2024 fuentes 1'),
(36, '2024-10-12', '12/10/2024 Mom'),
(37, '2024-10-12', '12/10/2024 Mom 2'),
(38, '2024-10-19', '19/10/2024 jazmin1'),
(39, '2024-11-02', '02/11/2024 Mom 1'),
(40, '2024-11-02', '02/11/2024 Mom 2'),
(41, '2024-11-02', '02/11/2024 Mom 3'),
(42, '2024-11-08', '08/11/2024 jazmin 1'),
(43, '2024-11-09', '09/11/2024 Mom 1'),
(44, '2024-11-16', '16/11/2024 Mom 1'),
(45, '2024-11-22', '22/11/2024 Mom 1'),
(46, '2024-11-23', '23/11/2024 Mom 1'),
(47, '2024-12-06', '06/12/2024 Mom 1'),
(48, '2024-12-14', '14/12/2024 Mom'),
(49, '2024-12-14', '14/12/2024 Momm 2'),
(50, '2024-12-20', '20/12/2024 mom 1'),
(51, '2024-12-20', '20/12/2024 Mom 2'),
(52, '2024-12-23', '23/12/2024 Metepec 1'),
(53, '2024-12-25', '25/12/2024 Bongoni 1'),
(54, '2024-12-25', '25/12/2024 Bongoni 2'),
(55, '2025-01-04', '04/01/2025 Mom 1'),
(56, '2025-01-04', '04/01/2025 Mom 2'),
(57, '2025-01-10', '10/01/2025 Mom 1'),
(58, '2025-01-10', '10/01/2025 Mom 2'),
(59, '2025-01-18', '18/01/2025 Mom 1'),
(60, '2025-02-01', '01/02/2025 Mom 1'),
(61, '2025-02-07', '07/02/2025 mom 1'),
(62, '2025-02-07', '07/02/2025 Mom 2'),
(63, '2025-02-14', '14/02/2025 Mom 1'),
(64, '2025-02-21', '21/02/2025 Mom 1'),
(65, '2025-02-21', '21/02/2025 Mom 2'),
(66, '2025-02-28', '28/02/2025 mom 1'),
(67, '2025-03-07', '07/03/2025 Mom 1'),
(68, '2025-03-14', '14/03/2025 Mom 1'),
(69, '2025-03-14', '14/03/2025 Mom 2'),
(70, '2025-03-21', '21/03/2025 Mom1'),
(71, '2025-03-28', '28/03/2025 Bongoni 1'),
(72, '2025-03-28', '28/03/2025 bongoni 2'),
(73, '2025-04-02', '02/04/2025 Mom 1'),
(74, '2025-04-04', '04/04/2025 mom'),
(75, '2025-04-11', '11/04/2025 Mom 1'),
(76, '2025-04-11', '11/04/2025 Mom 2'),
(77, '2025-04-18', '18/04/2025 Mom 1'),
(78, '2025-04-18', '18/04/2025 Mom 2'),
(79, '2025-04-25', '25/04/2025 Mom 1'),
(80, '2025-04-25', '25/04/2025 Mom 2'),
(81, '2025-05-03', '03/05/2025 Mom 1'),
(82, '2025-05-03', '03/05/2025 Mom 2'),
(83, '2025-05-09', '09/05/2025 Mom 1'),
(84, '2025-05-09', '09/05/2025 Mom 2'),
(85, '2025-05-10', '10/05/2025 fuentes 1'),
(86, '2025-05-10', '10/05/2025 fuentes 2'),
(87, '2025-05-17', '17/05/2025 Bongoni 1'),
(88, '2025-05-17', '17/05/2025 Bongoni 2'),
(89, '2025-05-23', '23/05/2025 mom 1'),
(90, '2025-05-23', '23/05/2025 mom 2'),
(91, '2025-05-30', '30/05/2025 Mom 1'),
(92, '2025-06-06', '06/06/2025 Mom 1'),
(93, '2025-06-13', '13/06/2025 Mom 1'),
(94, '2025-06-13', '13/06/2025 Mom 2'),
(95, '2025-06-20', '20/06/2025 Mom 1'),
(96, '2025-07-04', '04/07/2025 Mom 1'),
(97, '2025-07-04', '04/07/2025 Mom 2'),
(98, '2025-07-05', '05/07/2025 Bongo i'),
(99, '2025-07-11', '11/07/2025 Mom 1'),
(100, '2025-07-18', '18/07/2025 Mom 1'),
(101, '2025-07-22', '22/07/2025 Atotonilco'),
(102, '2025-07-25', '25/07/2025 Mom 1'),
(103, '2025-07-25', '25/07/2025 Mom 2'),
(104, '2025-08-08', '08/08/2025 Mom 1'),
(105, '2025-08-09', '09/08/2025 Mom 1'),
(106, '2025-08-15', '15/08/2025 Mom 1'),
(107, '2025-08-15', '15/08/2025 Mom 2'),
(108, '2025-08-22', '22/08/2025 Mom 1'),
(109, '2025-08-22', '22/08/2025 Mom 2'),
(110, '2025-09-05', '05/09/2025 Mom 1'),
(111, '2025-09-19', '19/09/2025 Mom 1'),
(112, '2025-09-26', '26/09/2025 Mom 1'),
(113, '2025-09-26', '26/09/2025 Mom 2'),
(114, '2025-09-26', '26/09/2025 Mom 3'),
(115, '2025-10-05', '05/10/2025 SanJuanico 1'),
(116, '2025-10-10', '10/10/2025 Mom 1'),
(117, '2025-10-10', '10/10/2025 Mom 2'),
(118, '2025-10-17', '17/10/2025 Mom 1'),
(119, '2025-10-24', '24/10/2025 mom 1'),
(120, '2025-11-14', '14/11/2025 Mom 1'),
(121, '2025-11-14', '14/11/2025 Mom 2');

--
-- Índices para tablas volcadas
--

--
-- Indices de la tabla `accounts`
--
ALTER TABLE `accounts`
  ADD PRIMARY KEY (`id`);

--
-- Indices de la tabla `tblentjgo`
--
ALTER TABLE `tblentjgo`
  ADD PRIMARY KEY (`idnentjgo`);

--
-- AUTO_INCREMENT de las tablas volcadas
--

--
-- AUTO_INCREMENT de la tabla `accounts`
--
ALTER TABLE `accounts`
  MODIFY `id` int(11) NOT NULL AUTO_INCREMENT, AUTO_INCREMENT=17;

--
-- AUTO_INCREMENT de la tabla `tblentjgo`
--
ALTER TABLE `tblentjgo`
  MODIFY `idnentjgo` int(11) NOT NULL AUTO_INCREMENT, AUTO_INCREMENT=122;
COMMIT;

/*!40101 SET CHARACTER_SET_CLIENT=@OLD_CHARACTER_SET_CLIENT */;
/*!40101 SET CHARACTER_SET_RESULTS=@OLD_CHARACTER_SET_RESULTS */;
/*!40101 SET COLLATION_CONNECTION=@OLD_COLLATION_CONNECTION */;
