-- phpMyAdmin SQL Dump
-- version 5.2.2
-- https://www.phpmyadmin.net/
--
-- Servidor: localhost:3306
-- Tiempo de generación: 18-11-2025 a las 14:05:21
-- Versión del servidor: 11.4.8-MariaDB-cll-lve-log
-- Versión de PHP: 8.4.11

SET SQL_MODE = "NO_AUTO_VALUE_ON_ZERO";
START TRANSACTION;
SET time_zone = "+00:00";


/*!40101 SET @OLD_CHARACTER_SET_CLIENT=@@CHARACTER_SET_CLIENT */;
/*!40101 SET @OLD_CHARACTER_SET_RESULTS=@@CHARACTER_SET_RESULTS */;
/*!40101 SET @OLD_COLLATION_CONNECTION=@@COLLATION_CONNECTION */;
/*!40101 SET NAMES utf8mb4 */;

--
-- Base de datos: `ecyteorg_granja`
--

-- --------------------------------------------------------

--
-- Estructura de tabla para la tabla `controlconos`
--

CREATE TABLE `controlconos` (
  `idcrl` int(11) NOT NULL,
  `idusu` int(11) NOT NULL,
  `numcon` int(11) NOT NULL,
  `kilcon` decimal(10,2) NOT NULL,
  `feccon` date NOT NULL,
  `precio` double DEFAULT NULL
) ENGINE=InnoDB DEFAULT CHARSET=utf8mb3 COLLATE=utf8mb3_spanish2_ci;

--
-- Volcado de datos para la tabla `controlconos`
--

INSERT INTO `controlconos` (`idcrl`, `idusu`, `numcon`, `kilcon`, `feccon`, `precio`) VALUES
(1, 1, 14, 24.75, '2024-11-06', 50),
(2, 1, 14, 24.87, '2024-11-06', 50),
(3, 2, 13, 22.37, '2024-11-08', 50),
(4, 2, 14, 24.57, '2024-11-08', 50),
(5, 2, 14, 24.36, '2024-11-09', 50),
(6, 2, 14, 24.76, '2024-11-09', 50),
(7, 2, 14, 24.59, '2024-11-09', 50),
(8, 2, 10, 17.26, '2024-11-09', 50),
(9, 1, 14, 24.92, '2024-11-09', 50),
(10, 1, 14, 24.78, '2024-11-09', 50),
(11, 1, 14, 24.56, '2024-11-11', 50),
(12, 1, 14, 24.81, '2024-11-11', 50),
(13, 2, 14, 24.75, '2024-11-11', 50),
(14, 2, 14, 24.73, '2024-11-11', 50),
(15, 2, 8, 13.68, '2024-11-11', 50),
(16, 2, 13, 22.24, '2024-11-11', 50),
(17, 2, 14, 24.94, '2024-11-12', 47.5),
(18, 2, 14, 24.80, '2024-11-12', 47.5),
(19, 2, 14, 24.43, '2024-11-12', 47.5),
(20, 2, 14, 24.87, '2024-11-12', 47.5),
(21, 2, 14, 24.83, '2024-11-12', 47.5),
(22, 2, 14, 24.83, '2024-11-12', 47.5),
(23, 2, 12, 21.11, '2024-11-12', 47.5),
(24, 2, 10, 17.43, '2024-11-12', 47.5),
(25, 1, 14, 24.12, '2024-11-13', 50),
(26, 1, 14, 23.98, '2024-11-13', 50),
(27, 2, 14, 24.94, '2024-11-14', 50),
(28, 2, 12, 20.98, '2024-11-14', 50),
(29, 1, 14, 25.49, '2024-11-15', 50),
(30, 1, 14, 25.27, '2024-11-15', 50),
(31, 2, 14, 25.38, '2024-11-15', 50),
(32, 2, 14, 25.00, '2024-11-15', 50),
(33, 2, 15, 26.53, '2024-11-15', 50),
(34, 2, 14, 25.26, '2024-11-16', 50),
(35, 2, 14, 25.08, '2024-11-16', 50),
(36, 2, 7, 12.43, '2024-11-16', 50),
(37, 2, 11, 19.84, '2024-11-16', 50),
(38, 2, 14, 25.09, '2024-11-16', 50),
(39, 2, 14, 25.25, '2024-11-16', 50),
(40, 2, 14, 25.16, '2024-11-16', 50),
(41, 2, 14, 25.10, '2024-11-17', 50),
(42, 2, 10, 17.97, '2024-11-17', 50),
(43, 2, 14, 25.12, '2024-11-19', 50),
(44, 2, 14, 25.25, '2024-11-19', 50),
(45, 2, 14, 25.34, '2024-11-19', 50),
(46, 2, 3, 5.12, '2024-11-19', 50),
(47, 1, 14, 25.08, '2024-11-19', 50),
(48, 1, 14, 24.93, '2024-11-19', 50),
(49, 1, 14, 24.90, '2024-11-19', 50),
(50, 2, 10, 17.75, '2024-11-19', 50),
(51, 2, 96, 172.14, '2024-11-21', 47.5),
(52, 1, 14, 24.80, '2024-11-22', 50),
(53, 1, 14, 25.00, '2024-11-22', 50),
(54, 2, 14, 25.03, '2024-11-23', 50),
(55, 2, 14, 24.89, '2024-11-23', 50),
(56, 2, 14, 24.21, '2024-11-23', 50),
(57, 2, 14, 25.39, '2024-11-23', 50),
(58, 2, 6, 10.52, '2024-11-23', 50),
(59, 1, 14, 24.90, '2024-11-25', 50),
(60, 1, 14, 24.95, '2024-11-25', 49.5),
(61, 1, 14, 24.60, '2024-11-25', 49),
(62, 2, 14, 24.35, '2024-11-26', 50),
(63, 2, 14, 24.89, '2024-11-26', 50),
(64, 2, 14, 24.67, '2024-11-26', 50),
(65, 2, 14, 24.39, '2024-11-26', 50),
(66, 2, 7, 12.44, '2024-11-26', 50),
(67, 2, 14, 25.17, '2024-11-26', 50),
(68, 1, 46, 82.12, '2024-11-27', 49),
(69, 1, 14, 24.50, '2024-11-27', 50),
(70, 1, 14, 24.45, '2024-11-27', 50),
(71, 1, 14, 24.30, '2024-11-28', 50),
(72, 1, 14, 24.65, '2024-11-28', 50),
(73, 1, 14, 24.50, '2024-11-28', 50),
(74, 1, 9, 15.60, '2024-11-28', 50),
(75, 2, 10, 17.86, '2024-11-30', 50),
(76, 1, 14, 24.73, '2024-11-30', 50),
(77, 1, 14, 24.80, '2024-11-30', 50),
(78, 2, 14, 25.10, '2024-12-01', 50),
(79, 2, 14, 25.20, '2024-12-01', 50),
(80, 2, 14, 25.24, '2024-12-01', 50),
(81, 2, 16, 28.05, '2024-12-02', 50),
(82, 1, 14, 24.90, '2024-12-02', 50),
(83, 1, 14, 25.05, '2024-12-02', 50),
(84, 1, 14, 24.95, '2024-12-02', 50),
(85, 1, 14, 25.10, '2024-12-02', 50),
(86, 1, 7, 12.10, '2024-12-02', 50),
(87, 2, 9, 16.30, '2024-12-02', 50),
(88, 2, 11, 19.81, '2024-12-03', 50),
(89, 2, 3, 5.38, '2024-12-03', 50),
(90, 2, 14, 25.76, '2024-12-04', 50),
(91, 2, 14, 25.57, '2024-12-04', 50),
(92, 2, 8, 14.60, '2024-12-04', 50),
(93, 1, 14, 25.05, '2024-12-04', 50),
(94, 1, 14, 24.95, '2024-12-04', 50),
(95, 1, 14, 25.10, '2024-12-04', 50),
(96, 2, 14, 25.65, '2024-12-06', 50),
(97, 2, 14, 25.50, '2024-12-06', 50),
(98, 2, 14, 26.01, '2024-12-06', 50),
(99, 2, 7, 12.40, '2024-12-06', 50),
(100, 1, 14, 25.12, '2024-12-06', 50),
(101, 1, 14, 25.90, '2024-12-06', 50),
(102, 2, 14, 26.12, '2024-12-07', 50),
(103, 2, 14, 26.22, '2024-12-07', 50),
(104, 2, 14, 25.79, '2024-12-07', 50),
(105, 1, 14, 25.00, '2024-12-09', 50),
(106, 1, 14, 25.62, '2024-12-09', 50),
(107, 2, 14, 25.95, '2024-12-10', 46.4),
(108, 2, 14, 25.67, '2024-12-10', 46.4),
(109, 2, 14, 25.34, '2024-12-10', 46.4),
(110, 2, 14, 25.13, '2024-12-10', 46.4),
(111, 2, 14, 25.63, '2024-12-10', 46.4),
(112, 2, 14, 25.51, '2024-12-10', 46.4),
(113, 2, 14, 25.80, '2024-12-10', 46.4),
(114, 2, 14, 25.69, '2024-12-10', 46.4),
(115, 2, 14, 25.62, '2024-12-10', 46.4),
(116, 2, 14, 25.55, '2024-12-11', 50),
(117, 2, 14, 25.72, '2024-12-11', 50),
(118, 2, 14, 25.35, '2024-12-11', 50),
(119, 1, 14, 25.43, '2024-12-12', 50),
(120, 1, 14, 25.16, '2024-12-12', 50),
(121, 1, 14, 25.34, '2024-12-12', 50),
(122, 1, 14, 25.52, '2024-12-12', 50),
(123, 2, 14, 25.52, '2024-12-15', 50),
(124, 2, 14, 25.37, '2024-12-15', 50),
(125, 2, 14, 25.47, '2024-12-15', 50),
(126, 2, 14, 25.87, '2024-12-15', 50),
(127, 2, 14, 25.02, '2024-12-15', 50),
(128, 1, 14, 25.32, '2024-12-15', 50),
(129, 1, 14, 25.13, '2024-12-15', 50),
(130, 1, 14, 25.00, '2024-12-15', 50),
(131, 1, 14, 25.28, '2024-12-15', 50),
(132, 2, 14, 25.57, '2024-12-16', 50),
(133, 2, 14, 25.59, '2024-12-16', 50),
(134, 2, 11, 19.80, '2024-12-16', 50),
(135, 1, 14, 25.20, '2024-12-16', 50),
(136, 1, 14, 25.43, '2024-12-16', 50),
(137, 1, 14, 25.23, '2024-12-16', 50),
(138, 2, 14, 25.48, '2024-12-17', 50),
(139, 2, 14, 25.66, '2024-12-17', 50),
(140, 1, 14, 25.33, '2024-12-18', 50),
(141, 1, 14, 25.47, '2024-12-18', 50),
(142, 2, 14, 25.21, '2024-12-18', 50),
(143, 2, 14, 25.78, '2024-12-20', 50),
(144, 2, 14, 25.70, '2024-12-20', 50),
(145, 2, 14, 25.95, '2024-12-20', 50),
(146, 2, 14, 24.98, '2024-12-20', 50),
(147, 2, 14, 25.84, '2024-12-20', 50),
(148, 2, 14, 25.63, '2024-12-20', 50),
(149, 2, 14, 25.62, '2024-12-20', 50),
(150, 2, 14, 25.43, '2024-12-20', 50),
(151, 1, 14, 25.12, '2024-12-20', 50),
(152, 1, 14, 25.15, '2024-12-20', 50),
(153, 1, 2, 3.51, '2024-12-20', 50),
(154, 2, 14, 25.65, '2024-12-21', 50),
(155, 2, 14, 25.64, '2024-12-21', 50),
(156, 2, 14, 25.57, '2024-12-21', 50),
(157, 2, 14, 25.53, '2024-12-21', 50),
(158, 2, 13, 23.61, '2024-12-21', 50),
(159, 1, 14, 24.66, '2024-12-23', 50),
(160, 1, 14, 25.20, '2024-12-23', 50),
(161, 1, 14, 25.13, '2024-12-23', 50),
(162, 2, 14, 25.49, '2024-12-24', 50),
(163, 2, 14, 25.49, '2024-12-24', 50),
(164, 2, 14, 25.43, '2024-12-24', 50),
(165, 2, 14, 25.43, '2024-12-24', 50),
(166, 2, 9, 16.44, '2024-12-24', 50),
(167, 1, 14, 25.15, '2024-12-26', 50),
(168, 1, 14, 25.18, '2024-12-26', 50),
(169, 1, 14, 25.11, '2024-12-26', 50),
(170, 2, 9, 16.41, '2024-12-27', 50),
(171, 2, 14, 25.52, '2024-12-27', 50),
(172, 2, 14, 25.74, '2024-12-27', 50),
(173, 2, 10, 17.98, '2024-12-27', 50),
(174, 2, 14, 25.54, '2024-12-27', 50),
(175, 2, 14, 25.51, '2024-12-27', 50),
(176, 2, 2, 3.54, '2024-12-27', 50),
(177, 1, 14, 25.30, '2024-12-28', 50),
(178, 1, 14, 25.40, '2024-12-28', 50),
(179, 1, 14, 25.00, '2024-12-28', 50),
(180, 1, 14, 25.12, '2024-12-28', 50),
(181, 2, 14, 25.68, '2024-12-28', 50),
(182, 1, 14, 25.69, '2024-12-28', 50),
(183, 2, 14, 25.47, '2024-12-30', 50),
(184, 2, 14, 25.45, '2024-12-30', 50),
(185, 2, 6, 10.86, '2024-12-30', 50),
(186, 2, 14, 25.48, '2024-12-30', 50),
(187, 2, 14, 25.36, '2024-12-30', 50),
(188, 2, 8, 14.57, '2024-12-30', 50),
(189, 2, 14, 25.37, '2024-12-30', 50),
(190, 2, 7, 12.51, '2024-12-30', 50),
(191, 2, 14, 25.56, '2024-12-30', 50),
(192, 1, 14, 25.28, '2024-12-31', 50),
(193, 1, 14, 25.36, '2025-01-02', 50),
(194, 1, 14, 25.32, '2025-01-02', 50),
(195, 1, 14, 25.67, '2025-01-05', 50),
(196, 1, 14, 25.35, '2025-01-05', 50),
(197, 1, 14, 25.04, '2025-01-05', 50),
(198, 2, 14, 25.38, '2025-01-06', 50),
(199, 2, 14, 25.45, '2025-01-06', 50),
(200, 2, 14, 25.33, '2025-01-06', 50),
(201, 2, 14, 24.99, '2025-01-06', 50),
(202, 2, 14, 25.36, '2025-01-06', 50),
(203, 2, 14, 25.42, '2025-01-06', 50),
(204, 2, 14, 25.25, '2025-01-06', 50),
(205, 2, 14, 25.10, '2025-01-06', 50),
(206, 2, 14, 24.89, '2025-01-06', 50),
(207, 2, 14, 25.56, '2025-01-06', 50),
(208, 2, 8, 14.38, '2025-01-07', 50),
(209, 2, 14, 25.54, '2025-01-07', 50),
(210, 1, 14, 25.58, '2025-01-08', 50),
(211, 1, 14, 25.52, '2025-01-08', 50),
(212, 1, 14, 25.40, '2025-01-08', 50),
(213, 2, 14, 25.41, '2025-01-10', 50),
(214, 2, 14, 25.64, '2025-01-10', 50),
(215, 2, 14, 25.23, '2025-01-10', 50),
(216, 2, 14, 25.55, '2025-01-11', 50),
(217, 2, 14, 25.38, '2025-01-11', 50),
(218, 2, 14, 25.50, '2025-01-11', 50),
(219, 1, 14, 25.83, '2025-01-11', 50),
(220, 1, 14, 25.24, '2025-01-11', 50),
(221, 2, 14, 25.40, '2025-01-11', 50),
(222, 2, 14, 25.42, '2025-01-11', 50),
(223, 2, 14, 24.63, '2025-01-11', 50),
(224, 2, 14, 24.92, '2025-01-11', 50),
(225, 2, 14, 25.32, '2025-01-12', 50),
(226, 2, 14, 24.93, '2025-01-12', 50),
(227, 2, 14, 24.67, '2025-01-12', 50),
(228, 2, 12, 25.31, '2025-01-12', 50),
(229, 1, 14, 25.00, '2025-01-13', 50),
(230, 1, 14, 25.18, '2025-01-13', 50),
(231, 1, 14, 25.31, '2025-01-13', 50),
(232, 2, 14, 25.20, '2025-01-13', 50),
(233, 2, 14, 25.20, '2025-01-13', 50),
(234, 2, 14, 25.12, '2025-01-13', 50),
(235, 2, 14, 25.16, '2025-01-13', 50),
(236, 2, 14, 24.78, '2025-01-13', 50),
(237, 2, 14, 25.49, '2025-01-13', 50),
(238, 2, 14, 25.10, '2025-01-13', 50),
(239, 2, 60, 108.08, '2025-01-14', 46.4),
(240, 2, 14, 25.21, '2025-01-16', 50),
(241, 1, 14, 25.13, '2025-01-17', 50),
(242, 1, 14, 25.16, '2025-01-17', 50),
(243, 1, 14, 25.28, '2025-01-17', 50),
(244, 2, 14, 25.15, '2025-01-18', 50),
(245, 2, 14, 24.86, '2025-01-18', 50),
(246, 2, 14, 25.35, '2025-01-18', 50),
(247, 2, 14, 26.04, '2025-01-18', 50),
(248, 2, 14, 25.70, '2025-01-18', 50),
(249, 2, 14, 25.34, '2025-01-18', 50),
(250, 2, 7, 12.64, '2025-01-18', 50),
(251, 2, 14, 24.76, '2025-01-20', 50),
(252, 2, 14, 25.02, '2025-01-20', 50),
(253, 2, 14, 25.66, '2025-01-20', 50),
(254, 2, 14, 25.21, '2025-01-20', 50),
(255, 2, 14, 25.73, '2025-01-20', 50),
(256, 2, 14, 25.41, '2025-01-20', 50),
(257, 2, 14, 24.91, '2025-01-20', 50),
(258, 2, 14, 25.56, '2025-01-20', 50),
(259, 2, 14, 25.51, '2025-01-20', 50),
(260, 2, 14, 25.31, '2025-01-20', 50),
(261, 2, 14, 25.90, '2025-01-20', 50),
(262, 2, 5, 9.00, '2025-01-20', 50),
(263, 1, 60, 110.48, '2025-01-21', 49),
(264, 1, 14, 25.24, '2025-01-21', 50),
(265, 2, 14, 25.87, '2025-01-21', 50),
(266, 2, 8, 12.42, '2025-01-21', 50),
(267, 1, 14, 25.12, '2025-01-22', 50),
(268, 1, 14, 25.38, '2025-01-22', 50),
(269, 1, 14, 25.42, '2025-01-22', 50),
(270, 2, 6, 11.00, '2025-01-22', 50),
(271, 1, 14, 25.65, '2025-01-25', 50),
(272, 1, 14, 25.37, '2025-01-25', 50),
(273, 1, 14, 25.45, '2025-01-25', 50),
(274, 2, 14, 24.81, '2025-01-26', 50),
(275, 2, 14, 25.17, '2025-01-26', 50),
(276, 2, 14, 25.51, '2025-01-26', 50),
(277, 2, 14, 24.87, '2025-01-28', 50),
(278, 2, 14, 25.10, '2025-01-28', 50),
(279, 2, 14, 24.86, '2025-01-28', 50),
(280, 2, 14, 24.92, '2025-01-28', 50),
(281, 2, 14, 24.85, '2025-01-28', 50),
(282, 2, 14, 24.74, '2025-01-28', 50),
(283, 2, 14, 24.97, '2025-01-28', 50),
(284, 2, 14, 25.07, '2025-01-28', 50),
(285, 2, 14, 24.58, '2025-01-28', 50),
(286, 2, 7, 12.03, '2025-01-28', 50),
(287, 2, 14, 25.45, '2025-01-29', 50),
(288, 2, 7, 12.50, '2025-01-29', 50),
(289, 2, 14, 25.52, '2025-01-30', 50),
(290, 2, 14, 25.71, '2025-01-30', 50),
(291, 2, 14, 25.46, '2025-01-30', 50),
(292, 2, 5, 10.00, '2025-02-01', 50),
(293, 2, 14, 25.13, '2025-02-01', 50),
(294, 2, 14, 25.54, '2025-02-01', 50),
(295, 2, 14, 25.37, '2025-02-01', 50),
(296, 2, 14, 25.80, '2025-02-01', 50),
(297, 2, 16, 30.00, '2025-02-01', 50),
(298, 1, 120, 218.06, '2025-02-01', 49),
(299, 1, 14, 25.29, '2025-02-01', 50),
(300, 1, 14, 25.21, '2025-02-02', 50),
(301, 1, 14, 24.88, '2025-02-02', 50),
(302, 1, 14, 25.65, '2025-02-02', 50),
(303, 2, 14, 25.59, '2025-02-02', 50),
(304, 2, 14, 25.64, '2025-02-02', 50),
(305, 2, 14, 24.98, '2025-02-02', 50),
(306, 2, 14, 25.24, '2025-02-02', 50),
(307, 2, 14, 25.52, '2025-02-02', 50),
(308, 2, 14, 25.41, '2025-02-02', 50),
(309, 2, 14, 26.38, '2025-02-03', 50),
(310, 2, 4, 7.00, '2025-02-03', 50),
(311, 2, 2, 3.50, '2025-02-03', 50),
(312, 1, 14, 25.32, '2025-02-04', 50),
(313, 1, 14, 25.46, '2025-02-04', 50),
(314, 1, 14, 25.52, '2025-02-04', 50),
(315, 2, 14, 25.47, '2025-02-06', 50),
(316, 2, 14, 25.48, '2025-02-06', 50),
(317, 2, 14, 25.51, '2025-02-06', 50),
(318, 2, 14, 25.78, '2025-02-06', 50),
(319, 2, 14, 25.71, '2025-02-07', 50),
(320, 2, 14, 24.87, '2025-02-07', 50),
(321, 2, 14, 24.86, '2025-02-07', 50),
(322, 2, 14, 25.59, '2025-02-07', 50),
(323, 2, 14, 25.71, '2025-02-07', 50),
(324, 2, 14, 25.35, '2025-02-07', 50),
(325, 2, 14, 25.78, '2025-02-07', 50),
(326, 1, 14, 25.90, '2025-02-09', 50),
(327, 1, 14, 25.59, '2025-02-09', 50),
(328, 1, 14, 25.34, '2025-02-09', 50),
(329, 1, 6, 11.01, '2025-02-09', 50),
(330, 1, 14, 24.88, '2025-02-10', 50),
(331, 1, 14, 25.31, '2025-02-10', 50),
(332, 1, 14, 24.84, '2025-02-10', 50),
(333, 2, 14, 25.43, '2025-02-11', 50),
(334, 2, 14, 25.74, '2025-02-11', 50),
(335, 2, 14, 25.45, '2025-02-12', 50),
(336, 2, 14, 25.41, '2025-02-12', 50),
(337, 2, 14, 25.64, '2025-02-12', 50),
(338, 2, 14, 25.62, '2025-02-12', 50),
(339, 2, 14, 25.40, '2025-02-12', 50),
(340, 1, 14, 25.42, '2025-02-14', 50),
(341, 1, 14, 25.21, '2025-02-14', 50),
(342, 1, 14, 25.31, '2025-02-14', 50),
(343, 1, 120, 217.78, '2025-02-15', 49),
(344, 2, 14, 25.02, '2025-02-16', 50),
(345, 2, 14, 25.94, '2025-02-16', 50),
(346, 2, 14, 25.65, '2025-02-16', 50),
(347, 2, 14, 25.06, '2025-02-16', 50),
(348, 2, 14, 25.69, '2025-02-16', 50),
(349, 2, 14, 25.85, '2025-02-16', 50),
(350, 1, 14, 25.67, '2025-02-17', 50),
(351, 1, 14, 25.25, '2025-02-17', 50),
(352, 1, 14, 25.39, '2025-02-17', 50),
(353, 2, 84, 154.01, '2025-02-19', 50),
(354, 1, 14, 25.42, '2025-02-22', 50),
(355, 1, 14, 25.36, '2025-02-22', 50),
(356, 1, 14, 25.10, '2025-02-22', 50),
(357, 1, 7, 11.90, '2025-02-22', 50),
(358, 1, 12, 22.06, '2025-02-22', 50),
(359, 1, 12, 22.10, '2025-02-22', 50),
(360, 2, 56, 102.75, '2025-02-22', 50),
(361, 2, 10, 18.30, '2025-02-23', 50),
(362, 2, 28, 50.86, '2025-02-24', 50),
(363, 1, 14, 24.66, '2025-02-25', 50),
(364, 1, 14, 25.35, '2025-02-25', 50),
(365, 1, 14, 25.70, '2025-02-25', 50),
(366, 1, 12, 22.00, '2025-02-26', 50),
(367, 1, 12, 21.64, '2025-02-26', 50),
(368, 1, 12, 21.40, '2025-02-26', 50),
(369, 2, 28, 51.15, '2025-02-26', 50),
(370, 1, 14, 25.00, '2025-02-27', 50),
(371, 1, 14, 25.46, '2025-02-27', 50),
(372, 1, 14, 25.26, '2025-02-27', 50),
(373, 1, 6, 10.64, '2025-02-27', 50),
(374, 1, 12, 21.50, '2025-02-28', 50),
(375, 1, 12, 21.02, '2025-02-28', 50),
(376, 1, 12, 21.66, '2025-02-28', 50),
(377, 2, 33, 60.53, '2025-02-28', 50),
(378, 1, 14, 25.24, '2025-03-01', 50),
(379, 1, 14, 25.20, '2025-03-01', 50),
(380, 2, 14, 25.61, '2025-03-01', 50),
(381, 2, 8, 15.00, '2025-03-01', 50),
(382, 2, 5, 10.00, '2025-03-01', 50),
(383, 1, 14, 25.34, '2025-03-03', 50),
(384, 1, 7, 12.50, '2025-03-03', 50),
(385, 1, 120, 217.11, '2025-03-03', 49),
(386, 1, 3, 4.00, '2025-03-04', 50),
(387, 1, 14, 25.48, '2025-03-05', 50),
(388, 1, 12, 21.62, '2025-03-05', 50),
(389, 1, 12, 22.02, '2025-03-05', 50),
(390, 1, 12, 21.60, '2025-03-05', 50),
(391, 1, 14, 25.06, '2025-03-05', 50),
(392, 2, 14, 25.71, '2025-03-07', 50),
(393, 2, 14, 25.96, '2025-03-07', 50),
(394, 2, 14, 25.13, '2025-03-07', 50),
(395, 2, 8, 14.05, '2025-03-07', 50),
(396, 1, 14, 25.15, '2025-03-07', 50),
(397, 1, 14, 25.16, '2025-03-07', 50),
(398, 1, 14, 25.20, '2025-03-07', 50),
(399, 2, 2, 3.00, '2025-03-08', 50),
(400, 2, 14, 25.02, '2025-03-08', 50),
(401, 1, 12, 20.73, '2025-03-09', 50),
(402, 1, 12, 21.19, '2025-03-09', 50),
(403, 1, 12, 21.08, '2025-03-09', 50),
(404, 1, 3, 4.00, '2025-03-09', 50),
(405, 2, 14, 25.36, '2025-03-11', 50),
(406, 2, 14, 25.56, '2025-03-11', 50),
(407, 2, 14, 25.45, '2025-03-11', 50),
(408, 2, 5, 10.00, '2025-03-11', 50),
(409, 2, 14, 25.79, '2025-03-11', 50),
(410, 1, 14, 25.46, '2025-03-11', 50),
(411, 1, 14, 25.62, '2025-03-11', 50),
(412, 1, 14, 25.44, '2025-03-11', 50),
(413, 2, 14, 24.83, '2025-03-12', 50),
(414, 2, 14, 25.34, '2025-03-12', 50),
(415, 2, 14, 25.46, '2025-03-12', 50),
(416, 2, 14, 24.83, '2025-03-13', 50),
(417, 2, 14, 25.23, '2025-03-13', 50),
(418, 1, 14, 25.22, '2025-03-13', 50),
(419, 1, 14, 25.22, '2025-03-13', 50),
(420, 1, 12, 21.23, '2025-03-14', 50),
(421, 1, 12, 22.16, '2025-03-14', 50),
(422, 1, 12, 21.99, '2025-03-14', 50),
(423, 2, 3, 4.00, '2025-03-15', 50),
(424, 2, 14, 25.10, '2025-03-15', 50),
(425, 2, 14, 25.77, '2025-03-15', 50),
(426, 2, 14, 25.89, '2025-03-15', 50),
(427, 2, 14, 25.22, '2025-03-15', 50),
(428, 2, 14, 26.00, '2025-03-15', 50),
(429, 2, 14, 26.19, '2025-03-15', 50),
(430, 2, 14, 25.60, '2025-03-17', 50),
(431, 1, 14, 25.50, '2025-03-18', 50),
(432, 1, 14, 25.54, '2025-03-18', 50),
(433, 1, 14, 25.46, '2025-03-18', 50),
(434, 2, 14, 25.00, '2025-03-18', 50),
(435, 2, 14, 25.90, '2025-03-20', 50),
(436, 2, 14, 25.37, '2025-03-20', 50),
(437, 2, 14, 25.57, '2025-03-20', 50),
(438, 2, 8, 15.00, '2025-03-20', 50),
(439, 2, 14, 25.69, '2025-03-20', 50),
(440, 2, 14, 25.29, '2025-03-20', 50),
(441, 1, 108, 197.94, '2025-03-20', 49),
(442, 1, 3, 5.00, '2025-03-20', 50),
(443, 1, 14, 26.09, '2025-03-21', 50),
(444, 1, 2, 4.00, '2025-03-21', 50),
(445, 2, 14, 25.42, '2025-03-22', 50),
(446, 2, 7, 11.50, '2025-03-22', 50),
(447, 1, 14, 25.40, '2025-03-23', 50),
(448, 1, 14, 25.52, '2025-03-23', 50),
(449, 1, 14, 25.16, '2025-03-23', 50),
(450, 1, 2, 2.00, '2025-03-23', 50),
(451, 2, 14, 25.48, '2025-03-24', 50),
(452, 2, 7, 12.50, '2025-03-24', 50),
(453, 1, 14, 25.24, '2025-03-24', 50),
(454, 1, 14, 25.44, '2025-03-24', 50),
(455, 2, 14, 25.94, '2025-03-26', 50),
(456, 2, 14, 25.14, '2025-03-26', 50),
(457, 2, 14, 26.35, '2025-03-26', 50),
(458, 2, 14, 25.58, '2025-03-26', 50),
(459, 2, 14, 25.89, '2025-03-26', 50),
(460, 1, 14, 25.54, '2025-03-26', 50),
(461, 1, 14, 25.62, '2025-03-26', 50),
(462, 1, 14, 25.00, '2025-03-27', 50),
(463, 1, 14, 25.20, '2025-03-27', 50),
(464, 1, 14, 25.58, '2025-03-28', 50),
(465, 1, 14, 25.42, '2025-03-28', 50),
(466, 2, 14, 25.02, '2025-03-29', 50),
(467, 2, 5, 10.00, '2025-03-29', 50),
(468, 2, 14, 25.74, '2025-03-29', 50),
(469, 2, 14, 25.68, '2025-03-29', 50),
(470, 2, 14, 25.02, '2025-03-29', 50),
(471, 2, 14, 25.55, '2025-03-29', 50),
(472, 2, 14, 25.25, '2025-03-29', 50),
(473, 2, 1, 2.00, '2025-03-30', 50),
(474, 1, 108, 193.92, '2025-03-31', 49),
(475, 1, 14, 25.46, '2025-03-31', 50),
(476, 2, 14, 25.91, '2025-03-31', 50),
(477, 2, 7, 12.06, '2025-03-31', 50),
(478, 2, 14, 25.06, '2025-04-01', 50),
(479, 2, 14, 26.10, '2025-04-01', 50),
(480, 2, 14, 25.80, '2025-04-01', 50),
(481, 2, 9, 16.20, '2025-04-01', 50),
(482, 2, 7, 12.40, '2025-04-01', 50),
(483, 1, 14, 25.52, '2025-04-02', 50),
(484, 1, 14, 25.60, '2025-04-02', 50),
(485, 2, 14, 24.97, '2025-04-03', 50),
(486, 2, 7, 12.80, '2025-04-03', 50),
(487, 2, 14, 26.12, '2025-04-05', 50),
(488, 1, 14, 25.40, '2025-04-05', 50),
(489, 1, 14, 24.66, '2025-04-05', 50),
(490, 1, 14, 25.08, '2025-04-07', 50),
(491, 1, 14, 25.28, '2025-04-07', 50),
(492, 1, 14, 25.00, '2025-04-07', 50),
(493, 1, 8, 14.00, '2025-04-07', 50),
(494, 2, 14, 25.60, '2025-04-08', 50),
(495, 2, 14, 25.33, '2025-04-08', 50),
(496, 2, 14, 25.28, '2025-04-08', 50),
(497, 2, 14, 25.35, '2025-04-08', 50),
(498, 1, 14, 25.30, '2025-04-08', 50),
(499, 1, 14, 25.26, '2025-04-08', 50),
(500, 2, 14, 25.73, '2025-04-12', 50),
(501, 1, 12, 21.62, '2025-04-13', 50),
(502, 1, 12, 21.22, '2025-04-13', 50),
(503, 2, 14, 24.68, '2025-04-15', 50),
(504, 2, 14, 25.60, '2025-04-15', 50),
(505, 2, 14, 25.47, '2025-04-15', 50),
(506, 2, 14, 25.46, '2025-04-15', 50),
(507, 2, 14, 25.34, '2025-04-15', 50),
(508, 2, 14, 25.04, '2025-04-15', 50),
(509, 1, 14, 25.02, '2025-04-15', 50),
(510, 1, 14, 25.20, '2025-04-15', 50),
(511, 1, 14, 25.24, '2025-04-15', 50),
(512, 2, 14, 25.45, '2025-04-15', 50),
(513, 2, 14, 25.52, '2025-04-15', 50),
(514, 2, 14, 25.40, '2025-04-15', 50),
(515, 2, 14, 25.71, '2025-04-15', 50),
(516, 2, 14, 25.60, '2025-04-15', 50),
(517, 2, 14, 25.16, '2025-04-15', 50),
(518, 2, 14, 25.92, '2025-04-15', 50),
(519, 2, 14, 25.23, '2025-04-15', 50),
(520, 2, 7, 12.80, '2025-04-15', 50),
(521, 2, 6, 11.00, '2025-04-18', 50),
(522, 1, 12, 21.59, '2025-04-20', 50),
(523, 1, 12, 21.60, '2025-04-20', 50),
(524, 1, 12, 21.61, '2025-04-20', 50),
(525, 1, 12, 21.60, '2025-04-20', 50),
(526, 1, 14, 25.00, '2025-04-20', 50),
(527, 1, 14, 25.40, '2025-04-20', 50),
(528, 1, 14, 25.18, '2025-04-20', 50),
(529, 2, 14, 25.56, '2025-04-21', 50),
(530, 2, 14, 25.53, '2025-04-21', 50),
(531, 2, 14, 25.44, '2025-04-21', 50),
(532, 2, 14, 25.33, '2025-04-21', 50),
(533, 2, 14, 25.54, '2025-04-22', 50),
(534, 2, 14, 25.51, '2025-04-22', 50),
(535, 2, 7, 12.50, '2025-04-22', 50),
(536, 1, 14, 25.28, '2025-04-24', 50),
(537, 1, 14, 25.30, '2025-04-24', 50),
(538, 1, 14, 25.10, '2025-04-24', 50),
(539, 2, 14, 25.46, '2025-04-24', 50),
(540, 2, 14, 25.72, '2025-04-24', 50),
(541, 2, 14, 25.62, '2025-04-24', 50),
(542, 2, 14, 25.54, '2025-04-24', 50),
(543, 2, 14, 25.51, '2025-04-24', 50),
(544, 2, 14, 25.31, '2025-04-24', 50),
(545, 2, 14, 25.30, '2025-04-24', 50),
(546, 2, 14, 25.28, '2025-04-24', 50),
(547, 1, 14, 25.43, '2025-04-26', 50),
(548, 1, 14, 24.98, '2025-04-26', 50),
(549, 1, 14, 25.22, '2025-04-26', 50),
(550, 2, 14, 25.17, '2025-04-26', 50),
(551, 2, 14, 25.09, '2025-04-26', 50),
(552, 2, 14, 25.12, '2025-04-26', 50),
(553, 2, 14, 25.20, '2025-04-26', 50),
(554, 2, 14, 24.74, '2025-04-30', 50),
(555, 2, 14, 25.45, '2025-04-30', 50),
(556, 2, 14, 25.42, '2025-04-30', 50),
(557, 2, 14, 25.62, '2025-04-30', 50),
(558, 1, 14, 25.42, '2025-04-30', 50),
(559, 1, 14, 25.50, '2025-04-30', 50),
(560, 1, 14, 25.48, '2025-04-30', 50),
(561, 1, 14, 24.66, '2025-04-30', 50),
(562, 2, 14, 25.12, '2025-04-30', 50),
(563, 2, 14, 25.81, '2025-04-30', 50),
(564, 1, 12, 21.82, '2025-05-01', 50),
(565, 1, 12, 21.58, '2025-05-01', 50),
(566, 1, 12, 21.38, '2025-05-01', 50),
(567, 1, 12, 21.02, '2025-05-01', 50),
(568, 2, 14, 24.90, '2025-05-03', 50),
(569, 2, 14, 25.10, '2025-05-03', 50),
(570, 2, 14, 25.10, '2025-05-03', 50),
(571, 2, 14, 25.13, '2025-05-03', 50),
(572, 2, 14, 25.16, '2025-05-03', 50),
(573, 1, 14, 25.32, '2025-05-05', 50),
(574, 1, 14, 25.22, '2025-05-05', 50),
(575, 1, 14, 25.20, '2025-05-05', 50),
(576, 2, 14, 25.30, '2025-05-05', 50),
(577, 2, 14, 25.50, '2025-05-05', 50),
(578, 2, 14, 24.66, '2025-05-06', 50),
(579, 2, 14, 25.35, '2025-05-06', 50),
(580, 2, 14, 24.90, '2025-05-06', 50),
(581, 2, 14, 25.40, '2025-05-06', 50),
(582, 1, 14, 25.32, '2025-05-06', 50),
(583, 1, 14, 24.82, '2025-05-06', 50),
(584, 1, 14, 25.10, '2025-05-06', 50),
(585, 1, 120, 216.60, '2025-05-08', 49),
(586, 1, 14, 25.44, '2025-05-08', 50),
(587, 1, 14, 25.08, '2025-05-09', 50),
(588, 1, 14, 25.16, '2025-05-09', 50),
(589, 1, 14, 25.10, '2025-05-09', 50),
(590, 2, 14, 25.25, '2025-05-11', 50),
(591, 2, 14, 25.50, '2025-05-11', 50),
(592, 2, 14, 25.45, '2025-05-11', 50),
(593, 2, 14, 25.40, '2025-05-11', 50),
(594, 2, 14, 25.50, '2025-05-11', 50),
(595, 1, 14, 25.20, '2025-05-11', 50),
(596, 1, 14, 25.44, '2025-05-11', 50),
(597, 1, 14, 25.48, '2025-05-11', 50),
(598, 1, 14, 25.42, '2025-05-12', 50),
(599, 1, 14, 25.68, '2025-05-12', 50),
(600, 1, 14, 25.50, '2025-05-12', 50),
(601, 2, 14, 25.50, '2025-05-13', 50),
(602, 2, 14, 25.70, '2025-05-13', 50),
(603, 2, 14, 25.40, '2025-05-13', 50),
(604, 2, 14, 25.40, '2025-05-13', 50),
(605, 2, 14, 25.60, '2025-05-13', 50),
(606, 2, 14, 25.70, '2025-05-13', 50),
(607, 2, 7, 12.50, '2025-05-13', 50),
(608, 2, 14, 25.70, '2025-05-14', 50),
(609, 2, 14, 25.75, '2025-05-14', 50),
(610, 2, 14, 25.60, '2025-05-14', 50),
(611, 2, 14, 25.60, '2025-05-17', 50),
(612, 2, 14, 25.60, '2025-05-17', 50),
(613, 2, 14, 25.00, '2025-05-17', 50),
(614, 2, 14, 25.60, '2025-05-17', 50),
(615, 2, 14, 25.50, '2025-05-17', 50),
(616, 2, 14, 25.00, '2025-05-17', 50),
(617, 1, 14, 25.00, '2025-05-17', 50),
(618, 1, 14, 25.20, '2025-05-17', 50),
(619, 1, 14, 25.60, '2025-05-17', 50),
(620, 1, 14, 25.30, '2025-05-17', 50),
(621, 2, 7, 13.00, '2025-05-18', 50),
(622, 1, 14, 25.70, '2025-05-18', 50),
(623, 1, 14, 25.50, '2025-05-18', 50),
(624, 1, 14, 25.60, '2025-05-18', 50),
(625, 1, 14, 25.62, '2025-05-18', 50),
(626, 1, 14, 25.40, '2025-05-18', 50),
(627, 1, 14, 25.58, '2025-05-18', 50),
(628, 2, 14, 25.20, '2025-05-18', 50),
(629, 2, 14, 25.80, '2025-05-19', 50),
(630, 2, 14, 25.92, '2025-05-22', 50),
(631, 2, 14, 25.80, '2025-05-22', 50),
(632, 2, 14, 25.60, '2025-05-23', 50),
(633, 2, 14, 25.70, '2025-05-23', 50),
(634, 2, 7, 13.00, '2025-05-23', 50),
(635, 2, 14, 25.78, '2025-05-23', 50),
(636, 2, 7, 12.30, '2025-05-23', 50),
(637, 2, 14, 24.80, '2025-05-24', 50),
(638, 2, 14, 25.50, '2025-05-24', 50),
(639, 1, 14, 25.06, '2025-05-24', 50),
(640, 1, 14, 25.80, '2025-05-24', 50),
(641, 1, 14, 25.20, '2025-05-26', 50),
(642, 1, 14, 25.40, '2025-05-26', 50),
(643, 1, 14, 25.38, '2025-05-26', 50),
(644, 2, 14, 25.30, '2025-05-26', 50),
(645, 2, 14, 25.60, '2025-05-26', 50),
(646, 2, 14, 25.70, '2025-05-26', 50),
(647, 1, 14, 25.10, '2025-05-28', 50),
(648, 1, 14, 25.18, '2025-05-28', 50),
(649, 1, 14, 24.88, '2025-05-28', 50),
(650, 2, 14, 25.70, '2025-05-28', 50),
(651, 2, 14, 25.50, '2025-05-28', 50),
(652, 2, 14, 25.50, '2025-05-28', 50),
(653, 2, 14, 25.50, '2025-05-28', 50),
(654, 2, 14, 26.10, '2025-05-28', 50),
(655, 2, 14, 26.00, '2025-05-28', 50),
(656, 2, 14, 25.60, '2025-05-28', 50),
(657, 2, 14, 25.50, '2025-05-28', 50),
(658, 2, 14, 26.00, '2025-05-29', 50),
(659, 1, 14, 25.82, '2025-05-30', 50),
(660, 1, 14, 25.84, '2025-05-30', 50),
(661, 2, 14, 25.50, '2025-05-31', 50),
(662, 2, 14, 26.10, '2025-05-31', 50),
(663, 2, 14, 25.70, '2025-05-31', 50),
(664, 2, 14, 25.50, '2025-06-01', 50),
(665, 2, 14, 25.60, '2025-06-01', 50),
(666, 2, 14, 26.00, '2025-06-01', 50),
(667, 1, 14, 26.02, '2025-06-02', 50),
(668, 1, 14, 25.88, '2025-06-02', 50),
(669, 1, 14, 26.00, '2025-06-02', 50),
(670, 1, 14, 25.90, '2025-06-02', 50),
(671, 2, 14, 26.00, '2025-06-03', 50),
(672, 2, 14, 26.00, '2025-06-03', 50),
(673, 2, 14, 25.90, '2025-06-03', 50),
(674, 1, 14, 25.00, '2025-06-03', 50),
(675, 1, 14, 25.70, '2025-06-03', 50),
(676, 1, 14, 25.90, '2025-06-03', 50),
(677, 1, 14, 25.80, '2025-06-04', 50),
(678, 1, 14, 25.90, '2025-06-04', 50),
(679, 2, 14, 26.20, '2025-06-04', 50),
(680, 2, 14, 25.60, '2025-06-04', 50),
(681, 2, 14, 26.00, '2025-06-04', 50),
(682, 2, 14, 26.00, '2025-06-04', 50),
(683, 1, 14, 26.00, '2025-06-06', 50),
(684, 1, 14, 26.00, '2025-06-06', 50),
(685, 1, 14, 26.02, '2025-06-06', 50),
(686, 2, 14, 26.00, '2025-06-06', 50),
(687, 2, 14, 25.90, '2025-06-06', 50),
(688, 2, 14, 25.80, '2025-06-07', 50),
(689, 2, 14, 26.00, '2025-06-07', 50),
(690, 2, 14, 25.50, '2025-06-07', 50),
(691, 2, 14, 26.00, '2025-06-07', 50),
(692, 2, 14, 26.00, '2025-06-07', 50),
(693, 2, 14, 25.50, '2025-06-08', 50),
(694, 1, 14, 25.87, '2025-06-08', 50),
(695, 1, 14, 25.72, '2025-06-08', 50),
(696, 1, 14, 25.84, '2025-06-08', 50),
(697, 1, 14, 25.80, '2025-06-08', 50),
(698, 1, 14, 25.60, '2025-06-08', 50),
(699, 1, 120, 223.12, '2025-06-09', 49),
(700, 1, 14, 26.00, '2025-06-10', 50),
(701, 1, 14, 26.02, '2025-06-10', 50),
(702, 1, 14, 26.10, '2025-06-10', 50),
(703, 2, 14, 26.05, '2025-06-10', 50),
(704, 2, 14, 26.00, '2025-06-10', 50),
(705, 2, 14, 26.10, '2025-06-10', 50),
(706, 2, 14, 26.00, '2025-06-10', 50),
(707, 2, 14, 26.20, '2025-06-11', 50),
(708, 2, 14, 26.05, '2025-06-11', 50),
(709, 2, 14, 26.00, '2025-06-11', 50),
(710, 2, 7, 13.05, '2025-06-11', 50),
(711, 1, 14, 25.80, '2025-06-11', 50),
(712, 1, 14, 26.00, '2025-06-11', 50),
(713, 1, 14, 25.46, '2025-06-11', 50),
(714, 2, 14, 25.70, '2025-06-12', 50),
(715, 2, 14, 26.10, '2025-06-12', 50),
(716, 2, 14, 26.00, '2025-06-12', 50),
(717, 2, 14, 26.00, '2025-06-13', 50),
(718, 2, 7, 13.00, '2025-06-13', 50),
(719, 1, 14, 25.58, '2025-06-16', 50),
(720, 1, 14, 26.00, '2025-06-16', 50),
(721, 1, 14, 26.40, '2025-06-16', 50),
(722, 1, 14, 26.04, '2025-06-16', 50),
(723, 2, 14, 26.00, '2025-06-16', 50),
(724, 2, 14, 26.00, '2025-06-16', 50),
(725, 2, 14, 26.10, '2025-06-16', 50),
(726, 2, 14, 25.90, '2025-06-16', 50),
(727, 2, 14, 26.10, '2025-06-16', 50),
(728, 2, 14, 26.15, '2025-06-16', 50),
(729, 2, 14, 26.50, '2025-06-16', 50),
(730, 2, 14, 26.25, '2025-06-16', 50),
(731, 1, 14, 26.14, '2025-06-17', 50),
(732, 1, 10, 18.06, '2025-06-17', 50),
(733, 2, 14, 26.20, '2025-06-17', 50),
(734, 2, 14, 26.15, '2025-06-17', 50),
(735, 2, 14, 25.50, '2025-06-18', 50),
(736, 2, 14, 26.20, '2025-06-18', 50),
(737, 1, 14, 26.14, '2025-06-18', 50),
(738, 1, 14, 26.20, '2025-06-18', 50),
(739, 2, 14, 26.30, '2025-06-18', 50),
(740, 2, 1, 1.90, '2025-06-18', 50),
(741, 1, 14, 26.00, '2025-06-20', 50),
(742, 1, 14, 26.04, '2025-06-20', 50),
(743, 1, 14, 26.00, '2025-06-20', 50),
(744, 2, 14, 26.83, '2025-06-20', 50),
(745, 2, 14, 26.72, '2025-06-20', 50),
(746, 2, 14, 26.35, '2025-06-20', 50),
(747, 2, 14, 25.93, '2025-06-20', 50),
(748, 2, 14, 26.10, '2025-06-22', 50),
(749, 2, 14, 26.00, '2025-06-22', 50),
(750, 2, 14, 26.15, '2025-06-22', 50),
(751, 1, 14, 26.00, '2025-06-22', 50),
(752, 1, 14, 25.98, '2025-06-22', 50),
(753, 1, 8, 14.22, '2025-06-22', 50),
(754, 1, 14, 26.02, '2025-06-23', 50),
(755, 1, 14, 26.18, '2025-06-23', 50),
(756, 1, 14, 26.00, '2025-06-24', 50),
(757, 1, 14, 26.10, '2025-06-24', 50),
(758, 1, 13, 23.44, '2025-06-24', 50),
(759, 2, 14, 26.00, '2025-06-25', 50),
(760, 2, 12, 24.01, '2025-06-25', 50),
(761, 2, 7, 13.00, '2025-06-25', 50),
(762, 1, 14, 25.18, '2025-06-26', 50),
(763, 1, 14, 26.10, '2025-06-26', 50),
(764, 1, 14, 26.08, '2025-06-26', 50),
(765, 1, 14, 26.00, '2025-06-26', 50),
(766, 1, 14, 26.00, '2025-06-26', 50),
(767, 1, 11, 19.40, '2025-06-26', 50),
(768, 2, 14, 26.13, '2025-06-26', 50),
(769, 2, 14, 25.40, '2025-06-27', 50),
(770, 2, 14, 25.60, '2025-06-27', 50),
(771, 2, 14, 26.05, '2025-06-27', 50),
(772, 2, 5, 9.00, '2025-06-28', 50),
(773, 2, 14, 25.80, '2025-06-29', 50),
(774, 1, 14, 25.70, '2025-06-29', 50),
(775, 1, 14, 25.82, '2025-06-29', 50),
(776, 2, 14, 25.70, '2025-06-29', 50),
(777, 2, 8, 15.00, '2025-06-29', 50),
(778, 1, 14, 25.40, '2025-06-30', 50),
(779, 1, 14, 25.42, '2025-06-30', 50),
(780, 1, 14, 25.50, '2025-06-30', 50),
(781, 2, 14, 25.50, '2025-06-30', 50),
(782, 2, 14, 26.00, '2025-06-30', 50),
(783, 2, 14, 26.20, '2025-06-30', 50),
(784, 2, 7, 13.03, '2025-06-30', 50),
(785, 1, 14, 25.56, '2025-07-01', 50),
(786, 1, 14, 25.62, '2025-07-01', 50),
(787, 2, 14, 25.60, '2025-07-02', 50),
(788, 2, 14, 25.65, '2025-07-02', 50),
(789, 2, 14, 25.60, '2025-07-02', 50),
(790, 1, 14, 25.60, '2025-07-03', 50),
(791, 2, 9, 16.20, '2025-07-03', 50),
(792, 2, 14, 25.50, '2025-07-05', 50),
(793, 2, 14, 25.70, '2025-07-05', 50),
(794, 2, 14, 26.10, '2025-07-05', 50),
(795, 2, 14, 25.80, '2025-07-05', 50),
(796, 2, 14, 26.10, '2025-07-05', 50),
(797, 1, 6, 10.50, '2025-07-06', 50),
(798, 1, 108, 195.60, '2025-07-06', 49),
(799, 1, 1, 1.70, '2025-07-07', 50),
(800, 1, 14, 26.10, '2025-07-07', 50),
(801, 1, 14, 26.12, '2025-07-07', 50),
(802, 2, 14, 25.80, '2025-07-07', 50),
(803, 2, 14, 26.00, '2025-07-07', 50),
(804, 2, 14, 25.70, '2025-07-07', 50),
(805, 1, 14, 26.00, '2025-07-10', 50),
(806, 1, 14, 25.90, '2025-07-10', 50),
(807, 1, 6, 10.50, '2025-07-10', 50),
(808, 2, 14, 25.60, '2025-07-11', 50),
(809, 2, 14, 25.80, '2025-07-11', 50),
(810, 2, 14, 26.00, '2025-07-11', 50),
(811, 2, 14, 26.01, '2025-07-11', 50),
(812, 2, 12, 21.80, '2025-07-11', 50),
(813, 2, 14, 26.00, '2025-07-12', 50),
(814, 1, 14, 26.00, '2025-07-13', 50),
(815, 1, 14, 26.10, '2025-07-13', 50),
(816, 2, 14, 26.00, '2025-07-13', 50),
(817, 2, 14, 26.10, '2025-07-13', 50),
(818, 2, 14, 26.05, '2025-07-13', 50),
(819, 2, 12, 22.50, '2025-07-13', 50),
(820, 1, 14, 26.10, '2025-07-09', 50),
(821, 1, 14, 26.00, '2025-07-09', 50),
(822, 1, 14, 25.98, '2025-07-09', 50),
(823, 1, 14, 26.00, '2025-07-14', 50),
(824, 1, 14, 26.10, '2025-07-14', 50),
(825, 1, 14, 26.00, '2025-07-14', 50),
(826, 1, 14, 25.78, '2025-07-15', 50),
(827, 1, 14, 26.00, '2025-07-15', 50),
(828, 1, 14, 26.20, '2025-07-15', 50),
(829, 2, 14, 25.60, '2025-07-16', 50),
(830, 2, 14, 26.20, '2025-07-16', 50),
(831, 2, 14, 26.30, '2025-07-16', 50),
(832, 2, 11, 20.50, '2025-07-16', 50),
(833, 2, 14, 26.10, '2025-07-17', 50),
(834, 2, 14, 26.00, '2025-07-17', 50),
(835, 2, 14, 26.00, '2025-07-17', 50),
(836, 1, 8, 14.82, '2025-07-17', 50),
(837, 1, 14, 26.20, '2025-07-18', 50),
(838, 1, 14, 26.00, '2025-07-18', 50),
(839, 1, 14, 26.30, '2025-07-18', 50),
(840, 2, 14, 26.40, '2025-07-19', 50),
(841, 2, 14, 26.00, '2025-07-19', 50),
(842, 2, 14, 26.10, '2025-07-19', 50),
(843, 2, 10, 18.80, '2025-07-19', 50),
(844, 1, 14, 26.00, '2025-07-20', 50),
(845, 1, 14, 26.10, '2025-07-20', 50),
(846, 1, 14, 26.20, '2025-07-20', 50),
(847, 1, 6, 11.10, '2025-07-20', 50),
(848, 2, 14, 26.10, '2025-07-21', 50),
(849, 1, 14, 26.00, '2025-07-22', 50),
(850, 1, 14, 25.88, '2025-07-22', 50),
(851, 2, 14, 25.90, '2025-07-22', 50),
(852, 2, 14, 25.90, '2025-07-22', 50),
(853, 2, 14, 26.10, '2025-07-22', 50),
(854, 2, 7, 13.00, '2025-07-22', 50),
(855, 1, 14, 25.90, '2025-07-24', 50),
(856, 1, 14, 26.00, '2025-07-24', 50),
(857, 1, 14, 26.00, '2025-07-24', 50),
(858, 2, 14, 26.05, '2025-07-24', 50),
(859, 2, 14, 26.01, '2025-07-25', 50),
(860, 2, 14, 26.10, '2025-07-25', 50),
(861, 2, 14, 26.12, '2025-07-26', 50),
(862, 2, 14, 26.15, '2025-07-26', 50),
(863, 2, 14, 26.20, '2025-07-26', 50),
(864, 2, 14, 26.30, '2025-07-26', 50),
(865, 1, 14, 26.48, '2025-07-26', 50),
(866, 1, 14, 26.20, '2025-07-26', 50),
(867, 1, 14, 26.24, '2025-07-26', 50),
(868, 2, 14, 26.20, '2025-07-28', 50),
(869, 2, 14, 26.05, '2025-07-28', 50),
(870, 2, 14, 26.15, '2025-07-28', 50),
(871, 2, 10, 19.70, '2025-07-28', 50),
(872, 1, 14, 26.06, '2025-07-28', 50),
(873, 1, 14, 26.08, '2025-07-28', 50),
(874, 1, 14, 26.04, '2025-07-28', 50),
(875, 2, 14, 26.00, '2025-07-29', 50),
(876, 2, 14, 26.20, '2025-07-29', 50),
(877, 2, 14, 26.03, '2025-07-29', 50),
(878, 1, 14, 25.72, '2025-07-30', 50),
(879, 1, 14, 25.50, '2025-07-30', 50),
(880, 1, 14, 25.76, '2025-07-30', 50),
(881, 2, 17, 31.01, '2025-07-30', 50),
(882, 2, 14, 26.27, '2025-07-31', 50),
(883, 2, 10, 19.00, '2025-07-31', 50),
(884, 2, 7, 13.00, '2025-07-31', 50),
(885, 2, 13, 24.10, '2025-07-31', 50),
(886, 1, 14, 25.62, '2025-08-01', 50),
(887, 1, 14, 25.60, '2025-08-01', 50),
(888, 1, 14, 25.64, '2025-08-01', 50),
(889, 2, 14, 25.20, '2025-08-02', 50),
(890, 2, 14, 25.80, '2025-08-02', 50),
(891, 2, 14, 25.60, '2025-08-02', 50),
(892, 2, 11, 20.80, '2025-08-02', 50),
(893, 2, 14, 25.60, '2025-08-03', 50),
(894, 2, 14, 25.75, '2025-08-03', 50),
(895, 2, 14, 25.10, '2025-08-03', 50),
(896, 2, 3, 5.05, '2025-08-03', 50),
(897, 1, 120, 215.80, '2025-08-06', 49),
(898, 1, 11, 20.24, '2025-08-06', 50),
(899, 1, 14, 24.83, '2025-08-07', 50),
(900, 1, 14, 25.56, '2025-08-07', 50),
(901, 1, 14, 25.50, '2025-08-07', 50),
(902, 2, 14, 25.60, '2025-08-08', 50),
(903, 2, 14, 25.70, '2025-08-08', 50),
(904, 2, 14, 25.30, '2025-08-08', 50),
(905, 1, 14, 25.40, '2025-08-09', 50),
(906, 1, 14, 25.30, '2025-08-09', 50),
(907, 1, 12, 21.40, '2025-08-09', 50),
(908, 1, 14, 25.44, '2025-08-11', 50),
(909, 1, 14, 25.28, '2025-08-11', 50),
(910, 1, 14, 25.20, '2025-08-11', 50),
(911, 2, 15, 26.50, '2025-08-11', 50),
(912, 2, 14, 25.60, '2025-08-13', 50),
(913, 2, 14, 25.50, '2025-08-13', 50),
(914, 2, 15, 26.70, '2025-08-13', 50),
(915, 1, 14, 26.40, '2025-08-13', 50),
(916, 1, 14, 25.82, '2025-08-13', 50),
(917, 1, 14, 24.74, '2025-08-13', 50),
(918, 2, 14, 25.60, '2025-08-14', 50),
(919, 2, 14, 25.50, '2025-08-14', 50),
(920, 2, 14, 25.65, '2025-08-14', 50),
(921, 2, 14, 25.50, '2025-08-15', 50),
(922, 2, 14, 25.70, '2025-08-15', 50),
(923, 2, 14, 25.50, '2025-08-15', 50),
(924, 1, 14, 25.80, '2025-08-16', 50),
(925, 1, 14, 25.94, '2025-08-16', 50),
(926, 1, 14, 25.50, '2025-08-16', 50),
(927, 1, 6, 10.74, '2025-08-16', 50),
(928, 1, 2, 3.60, '2025-08-16', 50),
(929, 2, 14, 25.50, '2025-08-17', 50),
(930, 1, 14, 25.70, '2025-08-18', 50),
(931, 1, 14, 25.40, '2025-08-18', 50),
(932, 1, 1, 2.00, '2025-08-19', 50),
(933, 1, 5, 8.10, '2025-08-19', 50),
(934, 1, 9, 16.40, '2025-08-20', 50),
(935, 1, 120, 215.22, '2025-08-20', 49),
(936, 2, 14, 26.20, '2025-08-22', 50),
(937, 2, 8, 14.80, '2025-08-22', 50),
(938, 1, 14, 26.10, '2025-08-22', 50),
(939, 1, 9, 16.30, '2025-08-22', 50),
(940, 1, 14, 26.08, '2025-08-22', 50),
(941, 1, 14, 26.08, '2025-08-22', 50),
(942, 1, 14, 25.60, '2025-08-22', 50),
(943, 1, 14, 25.80, '2025-08-23', 50),
(944, 1, 14, 25.90, '2025-08-23', 50),
(945, 1, 14, 25.92, '2025-08-23', 50),
(946, 1, 2, 3.00, '2025-08-25', 50),
(947, 1, 6, 10.80, '2025-08-25', 50),
(948, 1, 14, 25.89, '2025-08-25', 50),
(949, 1, 14, 25.90, '2025-08-25', 50),
(950, 1, 14, 25.91, '2025-08-25', 50),
(951, 1, 3, 5.50, '2025-08-25', 50),
(952, 1, 14, 26.60, '2025-08-11', 50),
(953, 1, 14, 25.42, '2025-08-11', 50),
(954, 1, 14, 26.00, '2025-08-26', 50),
(955, 1, 14, 26.02, '2025-08-26', 50),
(956, 1, 14, 26.10, '2025-08-26', 50),
(957, 1, 14, 26.08, '2025-08-26', 50),
(958, 1, 14, 25.80, '2025-08-26', 50),
(959, 2, 14, 25.50, '2025-08-30', 50),
(960, 2, 14, 26.04, '2025-08-30', 50),
(961, 2, 14, 26.00, '2025-08-30', 50),
(962, 2, 14, 26.00, '2025-08-30', 50),
(963, 2, 14, 26.09, '2025-08-30', 50),
(964, 1, 14, 26.02, '2025-08-30', 50),
(965, 1, 14, 25.24, '2025-08-30', 50),
(966, 1, 14, 25.70, '2025-08-30', 50),
(967, 1, 14, 25.82, '2025-08-30', 50),
(968, 1, 14, 26.00, '2025-08-30', 50),
(969, 1, 14, 26.00, '2025-08-30', 50),
(970, 2, 14, 25.50, '2025-08-31', 50),
(971, 1, 120, 218.10, '2025-09-02', 49),
(972, 1, 2, 4.00, '2025-09-02', 50),
(973, 1, 14, 26.22, '2025-09-02', 50),
(974, 1, 14, 26.10, '2025-09-02', 50),
(975, 1, 14, 25.74, '2025-09-02', 50),
(976, 1, 7, 13.00, '2025-09-02', 50),
(977, 2, 14, 25.40, '2025-09-03', 50),
(978, 2, 14, 26.10, '2025-09-03', 50),
(979, 2, 14, 26.15, '2025-09-03', 50),
(980, 1, 2, 4.00, '2025-09-03', 50),
(981, 1, 14, 26.16, '2025-09-05', 50),
(982, 1, 14, 26.20, '2025-09-05', 50),
(983, 1, 14, 25.66, '2025-09-05', 50),
(984, 2, 14, 26.00, '2025-09-07', 50),
(985, 2, 14, 26.10, '2025-09-07', 50),
(986, 2, 14, 25.20, '2025-09-07', 50),
(987, 1, 14, 26.00, '2025-09-10', 50),
(988, 1, 14, 25.90, '2025-09-10', 50),
(989, 1, 14, 25.50, '2025-09-10', 50),
(990, 1, 2, 3.00, '2025-09-10', 50),
(991, 1, 14, 25.04, '2025-09-11', 50),
(992, 1, 120, 220.19, '2025-09-11', 49),
(993, 1, 2, 3.00, '2025-09-11', 50),
(994, 2, 14, 25.60, '2025-09-12', 50),
(995, 2, 14, 26.00, '2025-09-12', 50),
(996, 2, 14, 25.90, '2025-09-12', 50),
(997, 2, 14, 26.00, '2025-09-12', 50),
(998, 2, 14, 25.90, '2025-09-12', 50),
(999, 2, 14, 26.00, '2025-09-12', 50),
(1000, 2, 14, 26.10, '2025-09-12', 50),
(1001, 1, 14, 26.02, '2025-09-13', 50),
(1002, 1, 14, 26.06, '2025-09-13', 50),
(1003, 1, 14, 25.80, '2025-09-13', 50),
(1004, 1, 5, 8.80, '2025-09-13', 50),
(1005, 2, 7, 13.00, '2025-09-15', 50),
(1006, 2, 14, 25.50, '2025-09-15', 50),
(1007, 2, 14, 26.00, '2025-09-17', 50),
(1008, 2, 12, 24.00, '2025-09-17', 50),
(1009, 2, 14, 25.50, '2025-09-18', 50),
(1010, 2, 14, 26.00, '2025-09-18', 50),
(1011, 2, 14, 26.00, '2025-09-18', 50),
(1012, 2, 14, 26.00, '2025-09-18', 50),
(1013, 2, 14, 26.00, '2025-09-18', 50),
(1014, 2, 14, 26.05, '2025-09-18', 50),
(1015, 2, 14, 26.00, '2025-09-18', 50),
(1016, 2, 14, 26.00, '2025-09-18', 50),
(1017, 2, 14, 26.00, '2025-09-18', 50),
(1018, 2, 14, 26.04, '2025-09-18', 50),
(1019, 2, 14, 26.08, '2025-09-18', 50),
(1020, 2, 14, 26.03, '2025-09-18', 50),
(1021, 1, 14, 26.00, '2025-09-18', 50),
(1022, 1, 14, 26.02, '2025-09-18', 50),
(1023, 1, 14, 26.00, '2025-09-18', 50),
(1024, 1, 12, 21.50, '2025-09-18', 50),
(1025, 2, 14, 26.03, '2025-09-21', 50),
(1026, 2, 14, 26.04, '2025-09-22', 50),
(1027, 2, 14, 26.05, '2025-09-22', 50),
(1028, 1, 14, 26.02, '2025-09-22', 50),
(1029, 1, 14, 26.00, '2025-09-22', 50),
(1030, 1, 14, 26.10, '2025-09-22', 50),
(1031, 2, 5, 9.19, '2025-09-23', 50),
(1032, 2, 14, 26.20, '2025-09-24', 50),
(1033, 2, 14, 25.70, '2025-09-24', 50),
(1034, 2, 14, 26.00, '2025-09-24', 50),
(1035, 2, 14, 26.30, '2025-09-24', 50),
(1036, 2, 14, 26.35, '2025-09-24', 50),
(1037, 2, 14, 26.00, '2025-09-24', 50),
(1038, 2, 14, 26.25, '2025-09-25', 50),
(1039, 2, 14, 26.32, '2025-09-25', 50),
(1040, 2, 14, 26.42, '2025-09-25', 50),
(1041, 2, 14, 25.01, '2025-09-27', 50),
(1042, 2, 14, 26.20, '2025-09-27', 50),
(1043, 2, 14, 26.40, '2025-09-27', 50),
(1044, 2, 14, 26.35, '2025-09-27', 50),
(1045, 2, 7, 13.05, '2025-09-27', 50),
(1046, 2, 14, 26.28, '2025-09-27', 50),
(1047, 2, 14, 26.32, '2025-09-27', 50),
(1048, 2, 7, 13.08, '2025-09-27', 50),
(1049, 2, 1, 2.00, '2025-09-27', 50),
(1050, 2, 14, 26.23, '2025-09-28', 50),
(1051, 2, 14, 26.15, '2025-09-28', 50),
(1052, 2, 14, 26.20, '2025-09-28', 50),
(1053, 1, 14, 26.14, '2025-09-29', 50),
(1054, 1, 14, 26.20, '2025-09-29', 50),
(1055, 1, 14, 26.24, '2025-09-29', 50),
(1056, 1, 14, 26.40, '2025-09-29', 50),
(1057, 2, 14, 26.30, '2025-09-30', 50),
(1058, 2, 14, 26.01, '2025-09-30', 50),
(1059, 2, 14, 26.21, '2025-09-30', 50),
(1060, 2, 14, 26.00, '2025-09-30', 50),
(1061, 2, 14, 26.25, '2025-09-30', 50),
(1062, 2, 14, 26.00, '2025-09-30', 50),
(1063, 2, 14, 26.10, '2025-10-02', 50),
(1064, 2, 14, 26.25, '2025-10-02', 50),
(1065, 2, 14, 26.26, '2025-10-02', 50),
(1066, 1, 14, 26.40, '2025-10-03', 50),
(1067, 1, 14, 26.62, '2025-10-03', 50),
(1068, 1, 14, 26.74, '2025-10-03', 50),
(1069, 2, 14, 26.28, '2025-10-04', 50),
(1070, 2, 14, 26.50, '2025-10-04', 50),
(1071, 2, 14, 26.20, '2025-10-04', 50),
(1072, 2, 14, 26.40, '2025-10-04', 50),
(1073, 1, 14, 25.52, '2025-10-07', 50),
(1074, 1, 14, 26.44, '2025-10-07', 50),
(1075, 1, 14, 26.20, '2025-10-07', 50),
(1076, 1, 14, 26.22, '2025-10-07', 50),
(1077, 1, 14, 26.10, '2025-10-07', 50),
(1078, 1, 14, 26.14, '2025-10-07', 50),
(1079, 2, 14, 26.28, '2025-10-07', 50),
(1080, 2, 14, 26.10, '2025-10-07', 50),
(1081, 2, 14, 26.28, '2025-10-07', 50),
(1082, 1, 14, 26.30, '2025-10-07', 50),
(1083, 1, 14, 26.42, '2025-10-07', 50),
(1084, 1, 14, 26.10, '2025-10-07', 50),
(1085, 1, 14, 26.12, '2025-10-07', 50),
(1086, 1, 14, 26.00, '2025-10-07', 50),
(1087, 2, 14, 26.00, '2025-10-08', 50),
(1088, 2, 14, 25.80, '2025-10-08', 50),
(1089, 2, 14, 26.20, '2025-10-08', 50),
(1090, 2, 14, 26.10, '2025-10-08', 50),
(1091, 2, 14, 26.50, '2025-10-09', 50),
(1092, 2, 14, 26.10, '2025-10-09', 50),
(1093, 2, 14, 26.10, '2025-10-10', 50),
(1094, 2, 14, 26.15, '2025-10-10', 50),
(1095, 2, 7, 14.48, '2025-10-10', 50),
(1096, 1, 14, 26.80, '2025-10-10', 50),
(1097, 1, 14, 26.60, '2025-10-10', 50),
(1098, 2, 14, 26.50, '2025-10-11', 50),
(1099, 2, 14, 26.05, '2025-10-11', 50),
(1100, 2, 14, 26.05, '2025-10-12', 50),
(1101, 2, 6, 11.00, '2025-10-12', 50),
(1102, 1, 14, 25.90, '2025-10-13', 50),
(1103, 1, 14, 26.58, '2025-10-13', 50),
(1104, 1, 14, 26.42, '2025-10-13', 50),
(1105, 1, 14, 26.38, '2025-10-13', 50),
(1106, 1, 14, 26.44, '2025-10-13', 50),
(1107, 2, 14, 26.05, '2025-10-14', 50),
(1108, 2, 14, 26.50, '2025-10-14', 50),
(1109, 2, 14, 26.52, '2025-10-14', 50),
(1110, 1, 14, 26.06, '2025-10-14', 50),
(1111, 1, 14, 26.28, '2025-10-14', 50),
(1112, 2, 5, 9.40, '2025-10-15', 50),
(1113, 2, 14, 26.50, '2025-10-15', 50),
(1114, 1, 14, 26.32, '2025-10-16', 50),
(1115, 1, 14, 26.14, '2025-10-16', 50),
(1116, 1, 14, 26.18, '2025-10-18', 50),
(1117, 1, 14, 26.14, '2025-10-18', 50),
(1118, 1, 14, 26.32, '2025-10-18', 50),
(1119, 1, 14, 26.16, '2025-10-18', 50),
(1120, 1, 14, 26.10, '2025-10-18', 50),
(1121, 1, 14, 26.20, '2025-10-18', 50),
(1122, 2, 14, 26.25, '2025-10-18', 50),
(1123, 2, 14, 26.30, '2025-10-18', 50),
(1124, 2, 14, 26.35, '2025-10-18', 50),
(1125, 2, 14, 26.10, '2025-10-19', 50),
(1126, 2, 14, 26.20, '2025-10-19', 50),
(1127, 2, 14, 26.15, '2025-10-19', 50),
(1128, 2, 3, 5.50, '2025-10-19', 50),
(1129, 1, 14, 26.02, '2025-10-21', 50),
(1130, 1, 14, 26.18, '2025-10-21', 50),
(1131, 1, 14, 26.04, '2025-10-21', 50),
(1132, 1, 14, 25.90, '2025-10-21', 50),
(1133, 2, 14, 26.01, '2025-10-22', 50),
(1134, 2, 14, 26.25, '2025-10-22', 50),
(1135, 2, 14, 26.10, '2025-10-22', 50),
(1136, 2, 14, 26.70, '2025-10-22', 50),
(1137, 2, 14, 26.80, '2025-10-22', 50),
(1138, 2, 3, 5.67, '2025-10-22', 50),
(1139, 2, 11, 21.50, '2025-10-22', 50),
(1140, 2, 14, 26.40, '2025-10-24', 50),
(1141, 2, 14, 26.30, '2025-10-24', 50),
(1142, 2, 14, 26.20, '2025-10-24', 50),
(1143, 1, 14, 26.20, '2025-10-25', 50),
(1144, 1, 14, 26.30, '2025-10-25', 50),
(1145, 1, 14, 26.38, '2025-10-25', 50),
(1146, 1, 14, 25.70, '2025-10-25', 50),
(1147, 2, 14, 26.40, '2025-10-26', 50),
(1148, 2, 14, 26.50, '2025-10-26', 50),
(1149, 2, 14, 26.52, '2025-10-26', 50),
(1150, 2, 14, 26.38, '2025-10-26', 50),
(1151, 2, 14, 26.40, '2025-10-26', 50),
(1152, 2, 14, 26.20, '2025-10-26', 50),
(1153, 2, 14, 26.41, '2025-10-28', 50),
(1154, 2, 14, 26.17, '2025-10-28', 50),
(1155, 2, 14, 26.23, '2025-10-28', 50),
(1156, 2, 8, 15.01, '2025-10-29', 50),
(1157, 2, 14, 26.27, '2025-10-29', 50),
(1158, 2, 14, 26.32, '2025-10-29', 50),
(1159, 2, 10, 20.10, '2025-10-29', 50),
(1160, 1, 14, 26.32, '2025-10-29', 50),
(1161, 1, 14, 26.28, '2025-10-29', 50),
(1162, 1, 14, 26.30, '2025-10-29', 50),
(1163, 2, 14, 26.42, '2025-10-30', 50),
(1164, 2, 14, 26.38, '2025-10-30', 50),
(1165, 2, 14, 26.48, '2025-10-30', 50),
(1166, 2, 14, 26.50, '2025-10-31', 50),
(1167, 2, 14, 26.53, '2025-10-31', 50),
(1168, 2, 14, 26.43, '2025-10-31', 50),
(1169, 2, 1, 2.00, '2025-11-01', 50),
(1170, 2, 14, 26.41, '2025-11-01', 50),
(1171, 2, 14, 26.50, '2025-11-01', 50),
(1172, 2, 7, 13.00, '2025-11-01', 50),
(1173, 2, 14, 26.60, '2025-11-02', 50),
(1174, 2, 14, 26.59, '2025-11-02', 50),
(1175, 2, 14, 26.45, '2025-11-02', 50),
(1176, 2, 9, 17.00, '2025-11-02', 50),
(1177, 1, 14, 26.44, '2025-11-04', 50),
(1178, 1, 14, 26.40, '2025-11-04', 50),
(1179, 1, 14, 26.50, '2025-11-04', 50),
(1180, 2, 14, 26.41, '2025-11-05', 50),
(1181, 2, 14, 26.31, '2025-11-05', 50),
(1182, 2, 14, 26.40, '2025-11-05', 50),
(1183, 2, 2, 4.80, '2025-11-05', 50),
(1184, 1, 14, 26.50, '2025-11-06', 50),
(1185, 1, 14, 26.60, '2025-11-06', 50),
(1186, 1, 14, 26.20, '2025-11-06', 50),
(1187, 1, 1, 1.92, '2025-11-06', 50),
(1188, 1, 14, 26.40, '2025-11-07', 50),
(1189, 1, 14, 26.20, '2025-11-07', 50),
(1190, 1, 14, 26.60, '2025-11-07', 50),
(1191, 2, 14, 26.51, '2025-11-10', 50),
(1192, 2, 14, 26.50, '2025-11-10', 50),
(1193, 2, 14, 26.58, '2025-11-10', 50),
(1194, 2, 14, 26.49, '2025-11-10', 50),
(1195, 2, 14, 26.22, '2025-11-10', 50),
(1196, 2, 14, 26.10, '2025-11-10', 50),
(1197, 2, 8, 14.60, '2025-11-10', 50),
(1198, 2, 14, 26.61, '2025-11-10', 50),
(1199, 1, 14, 26.50, '2025-11-10', 50),
(1200, 1, 14, 26.52, '2025-11-10', 50),
(1201, 2, 14, 26.39, '2025-11-11', 50),
(1202, 2, 14, 26.43, '2025-11-11', 50),
(1203, 2, 14, 26.10, '2025-11-11', 50),
(1204, 1, 14, 26.30, '2025-11-12', 50),
(1205, 1, 14, 26.10, '2025-11-12', 50),
(1206, 1, 14, 26.40, '2025-11-12', 50),
(1207, 1, 14, 26.58, '2025-11-13', 50),
(1208, 1, 14, 26.40, '2025-11-13', 50),
(1209, 1, 14, 26.60, '2025-11-13', 50),
(1210, 2, 14, 26.52, '2025-11-15', 50),
(1211, 2, 14, 26.58, '2025-11-15', 50),
(1212, 2, 14, 26.49, '2025-11-15', 50),
(1213, 1, 14, 26.60, '2025-11-16', 50),
(1214, 1, 14, 26.40, '2025-11-16', 50),
(1215, 1, 14, 26.54, '2025-11-16', 50);

-- --------------------------------------------------------

--
-- Estructura de tabla para la tabla `gasto`
--

CREATE TABLE `gasto` (
  `idgas` int(11) NOT NULL,
  `FecGas` date NOT NULL,
  `idusu` int(11) NOT NULL,
  `desgas` varchar(255) NOT NULL,
  `cosgas` decimal(10,2) NOT NULL
) ENGINE=InnoDB DEFAULT CHARSET=latin1 COLLATE=latin1_swedish_ci;

--
-- Volcado de datos para la tabla `gasto`
--

INSERT INTO `gasto` (`idgas`, `FecGas`, `idusu`, `desgas`, `cosgas`) VALUES
(1, '2025-03-02', 1, 'Compra de 13,000 conos', 10000.00),
(3, '2025-03-10', 1, 'Alimento', 2000.00),
(4, '2025-03-18', 1, 'Alimento', 2000.00),
(5, '2025-03-19', 1, 'Alimento', 2000.00),
(6, '2025-04-05', 1, 'Alimento', 15000.00),
(7, '2025-06-19', 1, 'Alimento', 15000.00),
(8, '2025-07-24', 1, 'Alimento', 2000.00),
(9, '2025-07-25', 1, 'Alimento', 2000.00),
(10, '2025-07-27', 1, 'Alimento', 14400.00),
(11, '2025-08-06', 1, 'Alimento', 14500.00),
(12, '2025-08-17', 1, 'Alimento', 14500.00),
(13, '2025-08-16', 1, '2L Cloro', 39.00),
(14, '2025-08-24', 1, 'Alimento', 14500.00),
(15, '2025-08-26', 1, 'Sra Gulle del 19-24', 1500.00),
(16, '2025-08-26', 1, 'Toño del 20 y 23', 600.00),
(17, '2025-08-30', 2, 'Alimento', 6481.50),
(18, '2025-08-30', 1, 'Sra Gulle del 25-31', 1750.00),
(19, '2025-08-30', 1, 'Toño del 28 y 31', 600.00),
(20, '2025-08-31', 1, 'Luz', 292.00),
(21, '2025-09-06', 1, 'Sra Gulle del 01-7', 1750.00),
(22, '2025-09-06', 1, 'Toño del 3 y 6', 600.00),
(23, '2025-09-06', 1, '3L Cloro', 60.00),
(24, '2025-08-30', 1, 'Alimento', 7920.00),
(25, '2025-09-08', 1, 'Alimento', 14400.00),
(26, '2025-09-13', 1, 'Sra Gulle del 08-14', 1750.00),
(27, '2025-09-13', 1, 'Toño del 13', 300.00),
(28, '2025-09-16', 2, 'Alimento', 1965.60),
(29, '2025-09-17', 2, 'Alimento', 1965.60),
(30, '2025-09-26', 2, 'Alimento 10 bultos', 1965.60),
(31, '2025-09-20', 1, 'Sra Gulle del 15-21', 1750.00),
(32, '2025-09-18', 2, 'Alimento 80 bultos', 13920.00),
(33, '2025-09-18', 2, 'flete alimento', 250.00),
(34, '2025-09-20', 2, 'Limpieza Galpon', 300.00),
(35, '2025-09-25', 2, 'Alimento 10 bultos', 1965.60),
(36, '2025-09-27', 2, 'Limpieza Galpon', 400.00),
(37, '2025-09-27', 2, 'Sra Gulle del 21-28', 1750.00),
(38, '2025-10-26', 2, 'Alimento 10 bultos', 1965.60),
(39, '2025-10-27', 2, 'Alimento 10 bultos', 1850.00),
(40, '2025-09-28', 2, 'Alimento 10 bultos', 1740.00),
(41, '2025-09-29', 2, 'Alimento 10 bultos', 1965.60),
(42, '2025-09-30', 2, 'Alimento 10 bultos', 1965.60),
(43, '2025-10-01', 2, 'Alimento 10 bultos', 1965.60),
(44, '2025-09-27', 2, 'Alimento 10 bultos', 1850.00),
(45, '2025-10-02', 2, 'Alimento 10 bultos (sin Nota)', 1965.60),
(46, '2025-10-03', 2, 'Alimento 10 bultos', 1965.60),
(47, '2025-10-04', 2, 'Alimento 10 bultos', 1965.60),
(48, '2025-10-04', 2, 'Sra Gulle del 29-05', 1750.00),
(49, '2025-10-05', 2, 'Alimento 10 bultos', 1965.60),
(50, '2025-10-06', 2, 'Alimento 7 bultos', 1375.92),
(51, '2025-10-06', 2, 'Vitafort-postura 500gr 6', 679.38),
(52, '2025-10-07', 2, 'Alimento 10 bultos', 1965.60),
(53, '2025-10-08', 2, 'Alimento 10 bultos', 1965.60),
(54, '2025-10-09', 2, 'Alimento 10 bultos (sin Nota)', 1965.60),
(55, '2025-10-10', 2, 'Alimento 10 bultos', 1965.80),
(56, '2025-10-10', 2, 'Alimento 1 Bulto', 197.00),
(57, '2025-10-11', 2, 'Alimento 10 bultos', 0.00),
(58, '2025-10-14', 1, '30 copas', 300.00),
(59, '2025-10-17', 1, 'Alimento 80 bultos 17-23', 14000.00);

-- --------------------------------------------------------

--
-- Estructura de tabla para la tabla `prdhvo`
--

CREATE TABLE `prdhvo` (
  `idprd` int(11) NOT NULL,
  `numcns` int(11) NOT NULL,
  `fecprd` date NOT NULL
) ENGINE=InnoDB DEFAULT CHARSET=utf8mb3 COLLATE=utf8mb3_spanish2_ci;

--
-- Volcado de datos para la tabla `prdhvo`
--

INSERT INTO `prdhvo` (`idprd`, `numcns`, `fecprd`) VALUES
(1, 45, '2024-08-01'),
(2, 44, '2024-08-02'),
(3, 47, '2024-08-03'),
(4, 46, '2024-08-04'),
(5, 45, '2024-08-05'),
(6, 44, '2024-08-06'),
(7, 47, '2024-08-07'),
(8, 43, '2024-08-08'),
(9, 45, '2024-08-09'),
(10, 44, '2024-08-10'),
(11, 43, '2024-08-11'),
(12, 41, '2024-08-12'),
(13, 42, '2024-08-13'),
(14, 44, '2024-08-14'),
(15, 45, '2024-08-15'),
(16, 47, '2024-08-16'),
(17, 43, '2024-08-17'),
(18, 42, '2024-08-18'),
(19, 46, '2024-08-19'),
(20, 44, '2024-08-20'),
(21, 43, '2024-08-21'),
(22, 45, '2024-08-22'),
(23, 41, '2024-08-23'),
(24, 42, '2024-08-24'),
(25, 43, '2024-08-25'),
(26, 45, '2024-08-26'),
(27, 47, '2024-08-27'),
(28, 51, '2024-08-28'),
(29, 48, '2024-08-29'),
(30, 48, '2024-08-30'),
(31, 47, '2024-08-31'),
(32, 48, '2024-09-01'),
(33, 51, '2024-09-02'),
(34, 51, '2024-09-03'),
(35, 52, '2024-09-04'),
(36, 52, '2024-09-05'),
(37, 53, '2024-09-06'),
(38, 53, '2024-09-07'),
(39, 53, '2024-09-08'),
(40, 51, '2024-09-09'),
(41, 52, '2024-09-10'),
(42, 52, '2024-09-11'),
(43, 52, '2024-09-12'),
(44, 52, '2024-09-13'),
(45, 53, '2024-09-14'),
(46, 53, '2024-09-15'),
(47, 53, '2024-09-16'),
(48, 52, '2024-09-17'),
(49, 53, '2024-09-18'),
(50, 53, '2024-09-19'),
(51, 52, '2024-09-20'),
(52, 51, '2024-09-21'),
(53, 54, '2024-09-22'),
(54, 52, '2024-09-23'),
(55, 53, '2024-09-24'),
(56, 52, '2024-09-25'),
(57, 53, '2024-09-26'),
(58, 51, '2024-09-27'),
(59, 52, '2024-09-28'),
(60, 51, '2024-09-29'),
(61, 53, '2024-09-30'),
(62, 53, '2024-10-01'),
(63, 52, '2024-10-02'),
(64, 55, '2024-10-03'),
(65, 56, '2024-10-04'),
(66, 54, '2024-10-05'),
(67, 54, '2024-10-06'),
(68, 52, '2024-10-07'),
(69, 53, '2024-10-08'),
(70, 54, '2024-10-09'),
(71, 53, '2024-10-10'),
(72, 52, '2024-10-11'),
(73, 54, '2024-10-12'),
(74, 54, '2024-10-13'),
(75, 53, '2024-10-14'),
(76, 52, '2024-10-15'),
(77, 50, '2024-10-16'),
(78, 54, '2024-10-17'),
(79, 55, '2024-10-18'),
(80, 51, '2024-10-19'),
(81, 53, '2024-10-20'),
(82, 52, '2024-10-21'),
(83, 53, '2024-10-22'),
(84, 51, '2024-10-23'),
(85, 52, '2024-10-24'),
(86, 54, '2024-10-25'),
(87, 52, '2024-10-26'),
(88, 50, '2024-10-27'),
(89, 53, '2024-10-28'),
(90, 51, '2024-10-29'),
(91, 52, '2024-10-30'),
(92, 54, '2024-10-31'),
(93, 53, '2024-11-01'),
(94, 52, '2024-11-02'),
(95, 54, '2024-11-03'),
(96, 54, '2024-11-04'),
(97, 53, '2024-11-05'),
(98, 52, '2024-11-06'),
(99, 52, '2024-11-07'),
(100, 52, '2024-11-08'),
(101, 52, '2024-11-09'),
(102, 54, '2024-11-10'),
(103, 52, '2024-11-11'),
(104, 54, '2024-11-12'),
(105, 53, '2024-11-13'),
(106, 53, '2024-11-14'),
(107, 53, '2024-11-15'),
(108, 53, '2024-11-16'),
(109, 52, '2024-11-17'),
(110, 52, '2024-11-18'),
(111, 50, '2024-11-19'),
(112, 49, '2024-11-20'),
(113, 44, '2024-11-21'),
(114, 41, '2024-11-22'),
(115, 35, '2024-11-23'),
(116, 43, '2024-11-24'),
(117, 38, '2024-11-25'),
(118, 38, '2024-11-26'),
(119, 39, '2024-11-27'),
(120, 42, '2024-11-28'),
(121, 45, '2024-11-29'),
(122, 50, '2024-11-30'),
(123, 49, '2024-12-01'),
(124, 51, '2024-12-02'),
(125, 52, '2024-12-03'),
(126, 49, '2024-12-04'),
(127, 55, '2024-12-05'),
(128, 54, '2024-12-06'),
(129, 54, '2024-12-07'),
(130, 52, '2024-12-08'),
(131, 52, '2024-12-09'),
(132, 52, '2024-12-10'),
(133, 52, '2024-12-11'),
(134, 52, '2024-12-12'),
(135, 51, '2024-12-13'),
(136, 55, '2024-12-14'),
(137, 52, '2024-12-15'),
(138, 51, '2024-12-16'),
(139, 56, '2024-12-17'),
(140, 52, '2024-12-18'),
(141, 49, '2024-12-19'),
(142, 52, '2024-12-20'),
(143, 53, '2024-12-21'),
(144, 54, '2024-12-22'),
(145, 51, '2024-12-23'),
(146, 52, '2024-12-24'),
(147, 53, '2024-12-25'),
(148, 48, '2024-12-26'),
(149, 53, '2024-12-27'),
(150, 52, '2024-12-28'),
(151, 50, '2024-12-29'),
(152, 54, '2024-12-30'),
(153, 53, '2024-12-31'),
(154, 50, '2025-01-01'),
(155, 50, '2025-01-02'),
(156, 52, '2025-01-03'),
(157, 51, '2025-01-04'),
(158, 50, '2025-01-05'),
(159, 47, '2025-01-06'),
(160, 47, '2025-01-07'),
(161, 58, '2025-01-08'),
(162, 52, '2025-01-09'),
(163, 51, '2025-01-10'),
(164, 51, '2025-01-11'),
(165, 52, '2025-01-12'),
(166, 50, '2025-01-13'),
(167, 53, '2025-01-14'),
(168, 48, '2025-01-15'),
(169, 49, '2025-01-16'),
(170, 50, '2025-01-17'),
(171, 50, '2025-01-18'),
(172, 51, '2025-01-19'),
(173, 49, '2025-01-20'),
(174, 49, '2025-01-21'),
(175, 53, '2025-01-22'),
(176, 50, '2025-01-23'),
(177, 49, '2025-01-24'),
(178, 53, '2025-01-25'),
(179, 50, '2025-01-26'),
(180, 51, '2025-01-27'),
(181, 51, '2025-01-28'),
(182, 47, '2025-01-29'),
(183, 52, '2025-01-30'),
(184, 49, '2025-01-31'),
(185, 51, '2025-02-01'),
(186, 52, '2025-02-02'),
(187, 52, '2025-02-03'),
(188, 52, '2025-02-04'),
(189, 51, '2025-02-05'),
(190, 51, '2025-02-06'),
(191, 52, '2025-02-07'),
(192, 51, '2025-02-08'),
(193, 52, '2025-02-09'),
(194, 51, '2025-02-10'),
(195, 44, '2025-02-11'),
(196, 56, '2025-02-12'),
(197, 49, '2025-02-13'),
(198, 52, '2025-02-14'),
(199, 49, '2025-02-15'),
(200, 54, '2025-02-16'),
(201, 52, '2025-02-17'),
(202, 52, '2025-02-18'),
(203, 51, '2025-02-19'),
(204, 49, '2025-02-20'),
(205, 46, '2025-02-21'),
(206, 55, '2025-02-22'),
(207, 50, '2025-02-23'),
(208, 51, '2025-02-24'),
(209, 49, '2025-02-25'),
(210, 53, '2025-02-26'),
(211, 50, '2025-02-27'),
(212, 50, '2025-02-28'),
(213, 50, '2025-03-01'),
(214, 51, '2025-03-02'),
(215, 47, '2025-03-03'),
(216, 51, '2025-03-04'),
(217, 50, '2025-03-05'),
(218, 51, '2025-03-06'),
(219, 48, '2025-03-07'),
(220, 50, '2025-03-08'),
(221, 50, '2025-03-09'),
(222, 49, '2025-03-10'),
(223, 50, '2025-03-11'),
(224, 48, '2025-03-12'),
(225, 48, '2025-03-13'),
(226, 49, '2025-03-14'),
(227, 43, '2025-03-15'),
(228, 54, '2025-03-16'),
(229, 47, '2025-03-17'),
(230, 46, '2025-03-18'),
(231, 51, '2025-03-19'),
(232, 49, '2025-03-20'),
(233, 49, '2025-03-21'),
(234, 48, '2025-03-22'),
(235, 50, '2025-03-23'),
(236, 46, '2025-03-24'),
(237, 48, '2025-03-25'),
(238, 51, '2025-03-26'),
(239, 49, '2025-03-27'),
(240, 45, '2025-03-28'),
(241, 52, '2025-03-29'),
(242, 47, '2025-03-30'),
(243, 45, '2025-03-31'),
(244, 46, '2025-04-01'),
(245, 45, '2025-04-02'),
(246, 45, '2025-04-03'),
(247, 47, '2025-04-04'),
(248, 41, '2025-04-05'),
(249, 44, '2025-04-06'),
(250, 50, '2025-04-07'),
(251, 47, '2025-04-08'),
(252, 51, '2025-04-09'),
(253, 45, '2025-04-10'),
(254, 51, '2025-04-11'),
(255, 47, '2025-04-12'),
(256, 46, '2025-04-13'),
(257, 53, '2025-04-13'),
(258, 48, '2025-04-15'),
(259, 51, '2025-04-16'),
(260, 50, '2025-04-17'),
(261, 50, '2025-04-18'),
(262, 50, '2025-04-19'),
(263, 50, '2025-04-20'),
(264, 49, '2025-04-21'),
(265, 50, '2025-04-22'),
(266, 54, '2025-04-23'),
(267, 50, '2025-04-24'),
(268, 50, '2025-04-25'),
(269, 50, '2025-04-26'),
(270, 50, '2025-04-27'),
(271, 50, '2025-04-28'),
(272, 47, '2025-04-29'),
(273, 50, '2025-04-30'),
(274, 53, '2025-05-01'),
(275, 51, '2025-05-02'),
(276, 48, '2025-05-03'),
(277, 49, '2025-05-04'),
(278, 53, '2025-05-05'),
(279, 50, '2025-05-06'),
(280, 49, '2025-05-07'),
(281, 50, '2025-05-08'),
(282, 50, '2025-05-09'),
(283, 51, '2025-05-10'),
(284, 49, '2025-05-11'),
(285, 51, '2025-05-12'),
(286, 50, '2025-05-13'),
(287, 49, '2025-05-14'),
(288, 52, '2025-05-15'),
(289, 48, '2025-05-16'),
(290, 52, '2025-05-17'),
(291, 50, '2025-05-18'),
(292, 50, '2025-05-19'),
(293, 49, '2025-05-20'),
(294, 50, '2025-05-21'),
(295, 52, '2025-05-22'),
(296, 50, '2025-05-23'),
(297, 48, '2025-05-24'),
(298, 53, '2025-05-25'),
(299, 48, '2025-05-26'),
(300, 51, '2025-05-27'),
(301, 51, '2025-05-28'),
(302, 50, '2025-05-29'),
(303, 50, '2025-05-30'),
(304, 48, '2025-05-31'),
(305, 52, '2025-06-01'),
(306, 50, '2025-06-02'),
(307, 51, '2025-06-03'),
(308, 51, '2025-06-04'),
(309, 50, '2025-06-05'),
(310, 49, '2025-06-06'),
(311, 50, '2025-06-07'),
(312, 50, '2025-06-08'),
(313, 51, '2025-06-09'),
(314, 50, '2025-06-10'),
(315, 50, '2025-06-11'),
(316, 50, '2025-06-12'),
(317, 50, '2025-06-13'),
(318, 48, '2025-06-14'),
(319, 49, '2025-06-15'),
(320, 50, '2025-06-16'),
(321, 50, '2025-06-17'),
(322, 50, '2025-06-18'),
(323, 50, '2025-06-19'),
(324, 48, '2025-06-20'),
(325, 49, '2025-06-21'),
(326, 50, '2025-06-22'),
(327, 50, '2025-06-23'),
(328, 47, '2025-06-24'),
(329, 47, '2025-06-25'),
(330, 48, '2025-06-26'),
(331, 48, '2025-06-27'),
(332, 49, '2025-06-28'),
(333, 48, '2025-06-29'),
(334, 49, '2025-06-30'),
(335, 47, '2025-07-01'),
(336, 48, '2025-07-02'),
(337, 49, '2025-07-03'),
(338, 45, '2025-07-04'),
(339, 46, '2025-07-05'),
(340, 42, '2025-07-06'),
(341, 50, '2025-07-07'),
(342, 48, '2025-07-08'),
(343, 48, '2025-07-09'),
(344, 48, '2025-07-10'),
(345, 48, '2025-07-11'),
(346, 48, '2025-07-12'),
(347, 47, '2025-07-13'),
(348, 46, '2025-07-14'),
(349, 47, '2025-07-15'),
(350, 48, '2025-07-16'),
(351, 50, '2025-07-17'),
(352, 46, '2025-07-18'),
(353, 48, '2025-07-19'),
(354, 48, '2025-07-20'),
(355, 46, '2025-07-21'),
(356, 49, '2025-07-22'),
(357, 46, '2025-07-23'),
(358, 50, '2025-07-24'),
(359, 47, '2025-07-25'),
(360, 47, '2025-07-26'),
(361, 47, '2025-07-27'),
(362, 47, '2025-07-28'),
(363, 48, '2025-07-29'),
(364, 47, '2025-07-30'),
(365, 48, '2025-07-31'),
(366, 45, '2025-08-01'),
(367, 46, '2025-08-02'),
(368, 45, '2025-08-03'),
(369, 48, '2025-08-04'),
(370, 43, '2025-08-05'),
(371, 43, '2025-08-06'),
(372, 44, '2025-08-07'),
(373, 41, '2025-08-08'),
(374, 43, '2025-08-09'),
(375, 45, '2025-08-10'),
(376, 43, '2025-08-11'),
(377, 44, '2025-08-12'),
(378, 38, '2025-08-13'),
(379, 47, '2025-08-14'),
(380, 41, '2025-08-15'),
(381, 44, '2025-08-16'),
(382, 48, '2025-08-17'),
(383, 42, '2025-08-18'),
(384, 42, '2025-08-19'),
(385, 45, '2025-08-20'),
(386, 44, '2025-08-21'),
(387, 43, '2025-08-22'),
(388, 44, '2025-08-23'),
(389, 47, '2025-08-24'),
(390, 46, '2025-08-25'),
(391, 47, '2025-08-26'),
(392, 46, '2025-08-27'),
(393, 47, '2025-08-28'),
(394, 47, '2025-08-29'),
(395, 47, '2025-08-30'),
(396, 45, '2025-08-31'),
(397, 46, '2025-09-01'),
(398, 45, '2025-09-02'),
(399, 45, '2025-09-03'),
(400, 45, '2025-09-04'),
(401, 46, '2025-09-05'),
(402, 45, '2025-09-06'),
(403, 44, '2025-09-07'),
(404, 48, '2025-09-08'),
(405, 46, '2025-09-09'),
(406, 45, '2025-09-10'),
(407, 42, '2025-09-11'),
(408, 47, '2025-09-12'),
(409, 47, '2025-09-13'),
(410, 47, '2025-09-14'),
(411, 44, '2025-09-15'),
(412, 45, '2025-09-16'),
(413, 47, '2025-09-17'),
(414, 44, '2025-09-18'),
(415, 45, '2025-09-19'),
(416, 48, '2025-09-20'),
(417, 44, '2025-09-21'),
(418, 40, '2025-09-22'),
(419, 49, '2025-09-23'),
(420, 46, '2025-09-24'),
(421, 44, '2025-09-25'),
(422, 45, '2025-09-26'),
(423, 46, '2025-09-27'),
(424, 45, '2025-09-28'),
(425, 44, '2025-09-29'),
(426, 44, '2025-09-30'),
(427, 46, '2025-10-01'),
(428, 45, '2025-10-02'),
(429, 45, '2025-10-03'),
(430, 47, '2025-10-04'),
(431, 46, '2025-10-05'),
(432, 43, '2025-10-06'),
(433, 47, '2025-10-07'),
(434, 46, '2025-10-08'),
(435, 48, '2025-10-09'),
(436, 45, '2025-10-10'),
(437, 46, '2025-10-11'),
(438, 42, '2025-10-12'),
(439, 44, '2025-10-13'),
(440, 42, '2025-10-14'),
(441, 47, '2025-10-15'),
(442, 47, '2025-10-16'),
(443, 44, '2025-10-17'),
(444, 44, '2025-10-18'),
(445, 44, '2025-10-19'),
(446, 48, '2025-10-20'),
(447, 43, '2025-10-21'),
(448, 46, '2025-10-22'),
(449, 45, '2025-10-23'),
(450, 45, '2025-10-24'),
(451, 45, '2025-10-25'),
(452, 45, '2025-10-26'),
(453, 46, '2025-10-27'),
(454, 47, '2025-10-28'),
(455, 42, '2025-10-29'),
(456, 44, '2025-10-30'),
(457, 43, '2025-10-31'),
(458, 44, '2025-11-01'),
(459, 42, '2025-11-02'),
(460, 46, '2025-11-03'),
(461, 43, '2025-11-04'),
(462, 46, '2025-11-05'),
(463, 41, '2025-11-06'),
(464, 44, '2025-11-07'),
(465, 42, '2025-11-08'),
(466, 43, '2025-11-09'),
(467, 42, '2025-11-10');

-- --------------------------------------------------------

--
-- Estructura de tabla para la tabla `usuario`
--

CREATE TABLE `usuario` (
  `idusu` int(11) NOT NULL,
  `usu` text NOT NULL,
  `con` char(8) NOT NULL,
  `nomusu` text NOT NULL,
  `apellidosusu` text NOT NULL,
  `kildsp` decimal(10,2) DEFAULT NULL,
  `usuario` tinytext DEFAULT NULL
) ENGINE=InnoDB DEFAULT CHARSET=utf8mb3 COLLATE=utf8mb3_spanish2_ci;

--
-- Volcado de datos para la tabla `usuario`
--

INSERT INTO `usuario` (`idusu`, `usu`, `con`, `nomusu`, `apellidosusu`, `kildsp`, `usuario`) VALUES
(1, 'jdgn', '123', 'José D', 'Garduño Nava', 5503.21, NULL),
(2, 'sas', '123', 'Saturnino', 'Alcantara Saucillo', 9217.56, NULL);

--
-- Índices para tablas volcadas
--

--
-- Indices de la tabla `controlconos`
--
ALTER TABLE `controlconos`
  ADD PRIMARY KEY (`idcrl`),
  ADD KEY `idusu` (`idusu`);

--
-- Indices de la tabla `gasto`
--
ALTER TABLE `gasto`
  ADD PRIMARY KEY (`idgas`),
  ADD KEY `idusu` (`idusu`);

--
-- Indices de la tabla `prdhvo`
--
ALTER TABLE `prdhvo`
  ADD PRIMARY KEY (`idprd`);

--
-- Indices de la tabla `usuario`
--
ALTER TABLE `usuario`
  ADD PRIMARY KEY (`idusu`);

--
-- AUTO_INCREMENT de las tablas volcadas
--

--
-- AUTO_INCREMENT de la tabla `controlconos`
--
ALTER TABLE `controlconos`
  MODIFY `idcrl` int(11) NOT NULL AUTO_INCREMENT, AUTO_INCREMENT=1216;

--
-- AUTO_INCREMENT de la tabla `gasto`
--
ALTER TABLE `gasto`
  MODIFY `idgas` int(11) NOT NULL AUTO_INCREMENT, AUTO_INCREMENT=60;

--
-- AUTO_INCREMENT de la tabla `prdhvo`
--
ALTER TABLE `prdhvo`
  MODIFY `idprd` int(11) NOT NULL AUTO_INCREMENT, AUTO_INCREMENT=468;

--
-- AUTO_INCREMENT de la tabla `usuario`
--
ALTER TABLE `usuario`
  MODIFY `idusu` int(11) NOT NULL AUTO_INCREMENT, AUTO_INCREMENT=3;

--
-- Restricciones para tablas volcadas
--

--
-- Filtros para la tabla `gasto`
--
ALTER TABLE `gasto`
  ADD CONSTRAINT `gasto_ibfk_1` FOREIGN KEY (`idusu`) REFERENCES `usuario` (`idusu`) ON DELETE CASCADE ON UPDATE CASCADE;
COMMIT;

/*!40101 SET CHARACTER_SET_CLIENT=@OLD_CHARACTER_SET_CLIENT */;
/*!40101 SET CHARACTER_SET_RESULTS=@OLD_CHARACTER_SET_RESULTS */;
/*!40101 SET COLLATION_CONNECTION=@OLD_COLLATION_CONNECTION */;
